{"id":4413,"date":"2023-11-05T17:16:05","date_gmt":"2023-11-05T16:16:05","guid":{"rendered":"https:\/\/sitio.bereketshop.com.mx\/?post_type=product&#038;p=4413"},"modified":"2024-02-22T00:19:50","modified_gmt":"2024-02-21T23:19:50","slug":"rodillera-acojinadas","status":"publish","type":"product","link":"https:\/\/bereketshop.com.mx\/index.php\/product\/rodillera-acojinadas\/","title":{"rendered":"Rodillera acojinadas"},"content":{"rendered":"<p>GU\u00cdA DE TALLAS<br \/>\nS 30 &#8211; 35 cm (medir\u00eda el tama\u00f1o de sus muslos 10 cm por encima de la rodilla)<\/p>\n<p>M 35 &#8211; 40cm (medir\u00eda el tama\u00f1o de sus muslos 10 cm por encima de la rodilla)<\/p>\n<p>L 40 &#8211; 45 cm (medir\u00eda el tama\u00f1o de sus muslos 10 cm por encima de la rodilla)<\/p>\n<p>XL 45 &#8211; 50 cm (medir\u00eda el tama\u00f1o de sus muslos 10 cm por encima de la rodilla)<\/p>\n<p>2XL 50 &#8211; 55 cm (medir\u00eda el tama\u00f1o de sus muslos 10 cm por encima de la rodilla)<br \/>\nColor: Negro<\/p>\n","protected":false},"excerpt":{"rendered":"<p>Rodillera Rehabilitaci\u00f3n<\/p>\n<p>Cada paquete contiene 2 Rodilleras del mismo tama\u00f1o<br \/>\nBanda el\u00e1stica presurizada: aplique una presi\u00f3n estable en la articulaci\u00f3n de la rodilla para mejorar la estabilidad.<br \/>\nSirve para aliviar el dolor de rodillas y protege articulaciones<br \/>\nDise\u00f1ado para uso diario y actividades al aire libre<br \/>\nCompresi\u00f3n Homogenea<br \/>\nMateriales de alta calidad y dise\u00f1o flexible<br \/>\nEstabilizador de r\u00f3tula mejorado<br \/>\nTejido c\u00f3modo<\/p>\n","protected":false},"featured_media":4837,"comment_status":"closed","ping_status":"closed","template":"","meta":{"_joinchat":[]},"product_cat":[60],"product_tag":[],"class_list":{"0":"post-4413","1":"product","2":"type-product","3":"status-publish","4":"has-post-thumbnail","6":"product_cat-deportes","8":"first","9":"outofstock","10":"shipping-taxable","11":"purchasable","12":"product-type-simple"},"_links":{"self":[{"href":"https:\/\/bereketshop.com.mx\/index.php\/wp-json\/wp\/v2\/product\/4413","targetHints":{"allow":["GET"]}}],"collection":[{"href":"https:\/\/bereketshop.com.mx\/index.php\/wp-json\/wp\/v2\/product"}],"about":[{"href":"https:\/\/bereketshop.com.mx\/index.php\/wp-json\/wp\/v2\/types\/product"}],"replies":[{"embeddable":true,"href":"https:\/\/bereketshop.com.mx\/index.php\/wp-json\/wp\/v2\/comments?post=4413"}],"wp:featuredmedia":[{"embeddable":true,"href":"https:\/\/bereketshop.com.mx\/index.php\/wp-json\/wp\/v2\/media\/4837"}],"wp:attachment":[{"href":"https:\/\/bereketshop.com.mx\/index.php\/wp-json\/wp\/v2\/media?parent=4413"}],"wp:term":[{"taxonomy":"product_cat","embeddable":true,"href":"https:\/\/bereketshop.com.mx\/index.php\/wp-json\/wp\/v2\/product_cat?post=4413"},{"taxonomy":"product_tag","embeddable":true,"href":"https:\/\/bereketshop.com.mx\/index.php\/wp-json\/wp\/v2\/product_tag?post=4413"}],"curies":[{"name":"wp","href":"https:\/\/api.w.org\/{rel}","templated":true}]}}