{"id":4418,"date":"2023-11-05T17:16:06","date_gmt":"2023-11-05T16:16:06","guid":{"rendered":"https:\/\/sitio.bereketshop.com.mx\/?post_type=product&#038;p=4418"},"modified":"2024-09-11T17:01:05","modified_gmt":"2024-09-11T15:01:05","slug":"termo-inteligente","status":"publish","type":"product","link":"https:\/\/bereketshop.com.mx\/index.php\/product\/termo-inteligente\/","title":{"rendered":"Termo Inteligente Digital 500 ml."},"content":{"rendered":"<h3><strong>CARACTER\u00cdSTICAS:<\/strong><\/h3>\n<p><strong>Material:<\/strong> El cuerpo interior revestimiento de acero inoxidable 304, El cuerpo exterior est\u00e1 hecho de PP (polipropileno) y el fondo de la botella es de silicona antideslizante.<\/p>\n<p><strong>Tiempo para mantener la temperatura:<\/strong><\/p>\n<p style=\"padding-left: 40px;\">1.El agua caliente por encima de 72\u00b0C se puede mantener durante 6 horas.(Vierta 85\u00b0C de agua caliente en la taza del termo, despu\u00e9s de que pasen al menos 6 horas, el agua caliente en la taza del termo todav\u00eda se mantendr\u00e1 a unos 60\u00b0C)<br \/>\n2.El agua caliente a aproximadamente 50\u00bf se puede mantener durante 12 horas<br \/>\n3.El agua fr\u00eda puede mantenerse caliente durante 12 horas agregando cubitos.<\/p>\n<p><strong>Caracter\u00edsticas y funciones del producto:<\/strong><\/p>\n<p style=\"padding-left: 40px;\">1. Pantalla digital grande y claramente visible, mostrar\u00e1 la temperatura del contenido del producto, la pantalla se apaga autom\u00e1ticamente en un tiempo de inactividad de 3 a 4 segundos.<br \/>\n2. Hay un chip inteligente dentro, con un modo de ahorro de energ\u00eda.<br \/>\n3. No es necesario cargarse, puede usarse m\u00e1s de 50000 veces, cuenta con una bater\u00eda de larga vida, de 1800 d\u00edas.<br \/>\n4.Tiene excelente aislamiento t\u00e9rmico,no se sentir\u00e1 temperatura al tocar el cuerpo de la botella cuando se carga agua caliente, por lo que se recuerda con precauci\u00f3n evitar escaldar la boca cuando se bebe despu\u00e9s de llenar el agua caliente.<br \/>\n5. Buena hermeticidad, no se le filtrara agua f\u00e1cilmente, es duradero y resistente.<br \/>\n6. Hay un filtro de fuga de t\u00e9 en el interior. D\u00e9 la vuelta al vaso y deje que el agua toque la tapa para mostrar la temperatura del interior.<br \/>\n7. Cuando no hay agua en la botella, se mostrar\u00e1 la temperatura del ambiente. Debido a que el sensor de temperatura de este producto est\u00e1 dentro y aislado del aire exterior, puede haber desviaciones al medir la temperatura exterior cuando la tapa est\u00e1 cerrada.<\/p>\n<p><strong>Funci\u00f3n de copa de aislamiento inteligente:<\/strong><\/p>\n<p style=\"padding-left: 40px;\">1. Puede proporcionarle calor en el fr\u00edo invierno, para que pueda beber sus bebidas tibias en cualquier momento y en cualquier lugar.<br \/>\n2. En el caluroso verano, este producto conserva tambi\u00e9n el frio, por lo que puede beber agua fr\u00eda en cualquier momento y en cualquier lugar para aliviar el calor.<\/p>\n<p>Material: Acero al carbono<\/p>\n<p>Tama\u00f1o: 22.5cm x 6.5cm x 6.5cm<\/p>\n<p>Peso: 600 gr<\/p>\n<p>Capacidad: 500 ml<\/p>\n<p>Cantidad: una pieza<\/p>\n<p>M\u00e9todo de carga: no es necesario cargar<\/p>\n<div id=\"gtx-trans\" style=\"position: absolute; left: -53px; top: 1.2px;\">\n<div class=\"gtx-trans-icon\"><\/div>\n<\/div>\n","protected":false},"excerpt":{"rendered":"<p style=\"text-align: center;\"><span data-sheets-root=\"1\" data-sheets-value=\"{&quot;1&quot;:2,&quot;2&quot;:&quot;Termo Inteligente Digital Lector Temperatura Pantalla 500ml, led medidor de temperatura acero inoxidable Termo Inteligente Botella de Agua Termos para Caf\u00e9 Vaso T\u00e9rmico Acero Inoxidable Termo Digital para Agua Caliente Fr\u00eda Taza Termica Regalo para Hombre Mujer Botella para Exteriores Oficina Hogar Deporte&quot;}\" data-sheets-userformat=\"{&quot;2&quot;:13249,&quot;3&quot;:{&quot;1&quot;:0},&quot;9&quot;:0,&quot;10&quot;:0,&quot;11&quot;:3,&quot;12&quot;:0,&quot;15&quot;:&quot;Calibri&quot;,&quot;16&quot;:12}\">Termo Inteligente | Digital\u00a0 | Lector Temperatura | Pantalla 500ml | Led | Medidor De Temperatura | Acero Inoxidable\u00a0 | Termo Digital Para Agua Caliente |\u00a0 Fr\u00eda | Taza T\u00e9rmica |\u00a0 Regalo para Hombre Mujer | Botella para Exteriores |Oficina | Hogar\u00a0 | Deportes.<\/span><\/p>\n<p>&nbsp;<\/p>\n<div id=\"gtx-trans\" style=\"position: absolute; left: -21px; top: 37.8px;\">\n<div class=\"gtx-trans-icon\"><\/div>\n<\/div>\n","protected":false},"featured_media":4757,"comment_status":"closed","ping_status":"closed","template":"","meta":{"_joinchat":[]},"product_cat":[242,59],"product_tag":[],"class_list":{"0":"post-4418","1":"product","2":"type-product","3":"status-publish","4":"has-post-thumbnail","6":"product_cat-242","7":"product_cat-hogar","9":"first","10":"instock","11":"shipping-taxable","12":"purchasable","13":"product-type-variable"},"_links":{"self":[{"href":"https:\/\/bereketshop.com.mx\/index.php\/wp-json\/wp\/v2\/product\/4418","targetHints":{"allow":["GET"]}}],"collection":[{"href":"https:\/\/bereketshop.com.mx\/index.php\/wp-json\/wp\/v2\/product"}],"about":[{"href":"https:\/\/bereketshop.com.mx\/index.php\/wp-json\/wp\/v2\/types\/product"}],"replies":[{"embeddable":true,"href":"https:\/\/bereketshop.com.mx\/index.php\/wp-json\/wp\/v2\/comments?post=4418"}],"wp:featuredmedia":[{"embeddable":true,"href":"https:\/\/bereketshop.com.mx\/index.php\/wp-json\/wp\/v2\/media\/4757"}],"wp:attachment":[{"href":"https:\/\/bereketshop.com.mx\/index.php\/wp-json\/wp\/v2\/media?parent=4418"}],"wp:term":[{"taxonomy":"product_cat","embeddable":true,"href":"https:\/\/bereketshop.com.mx\/index.php\/wp-json\/wp\/v2\/product_cat?post=4418"},{"taxonomy":"product_tag","embeddable":true,"href":"https:\/\/bereketshop.com.mx\/index.php\/wp-json\/wp\/v2\/product_tag?post=4418"}],"curies":[{"name":"wp","href":"https:\/\/api.w.org\/{rel}","templated":true}]}}