{"id":4421,"date":"2023-11-05T17:16:06","date_gmt":"2023-11-05T16:16:06","guid":{"rendered":"https:\/\/sitio.bereketshop.com.mx\/?post_type=product&#038;p=4421"},"modified":"2024-05-02T17:02:03","modified_gmt":"2024-05-02T15:02:03","slug":"lampara-led-de-luna","status":"publish","type":"product","link":"https:\/\/bereketshop.com.mx\/index.php\/product\/lampara-led-de-luna\/","title":{"rendered":"L\u00e1mpara Led Luz De Luna Recargable T\u00e1ctil 8 Cm"},"content":{"rendered":"<p><strong>CARACTER\u00cdSTICAS:<\/strong><\/p>\n<p>&#8211; Forma realista de luna llena.<br \/>\n&#8211; Usando el toque puedes cambiar el brillo y color.<br \/>\n&#8211; Perfecto regalo para las mujeres, novias, ni\u00f1as y la decoraci\u00f3n para una habitaci\u00f3n<br \/>\n&#8211; Material seguro: Luz LED est\u00e1 hecha de PLA aprobado por la FDA siendo ecol\u00f3gico, no t\u00f3xico, duradero y resistente. Adecuado de luz nocturna para ni\u00f1os.<br \/>\n&#8211; Bater\u00eda recargable incorporada siendo as\u00ed que se puede cargar con una computadora \/ fuente de alimentaci\u00f3n m\u00f3vil o un adaptador de carga.<\/p>\n<p><em>Tipo de fuente de luz: Luz LED<\/em><br \/>\n<em>Voltaje: Mayor o iguala 36V<\/em><br \/>\n<em>Material de sombra: PVC y ABS<\/em><br \/>\n<em>Tipo de interruptor: toque<\/em><br \/>\n<em>Fuente de alimentaci\u00f3n: carga<\/em><br \/>\n<em>Tiempo de carga: 2 \u2013 4 horas<\/em><\/p>\n<p><strong>Incluye:<\/strong><br \/>\nLuz de Luna impresa 3D 8 cm<br \/>\nCable de carga USB<br \/>\nSoporte de Madera<br \/>\nManual de uso<\/p>\n<p><strong>Modo de empleo:<\/strong><br \/>\n1. Toque el anillo de metal en la parte inferior de la l\u00e1mpara para encender y apagar la luz. De igual modo cambiar el color de blanco a amarillo.<br \/>\n2. Presione el anillo de metal para ajustar el brillo.<br \/>\nColor: Blanco<br \/>\nFuente de alimentaci\u00f3n: Cable de Alimentaci\u00f3n USB<br \/>\nMaterial: madera<br \/>\nCertificado de Cargador: FCC<br \/>\nPilas Incluidas: No<\/p>\n","protected":false},"excerpt":{"rendered":"<p style=\"text-align: center;\">Luz de Luna | LED |\u00a0 Nocturna\u00a0 | Hecha De Tecnolog\u00eda De Impresi\u00f3n 3D.<\/p>\n<div id=\"gtx-trans\" style=\"position: absolute; left: -4px; top: 37.8px;\">\n<div class=\"gtx-trans-icon\"><\/div>\n<\/div>\n","protected":false},"featured_media":4693,"comment_status":"closed","ping_status":"closed","template":"","meta":{"_joinchat":[]},"product_cat":[59],"product_tag":[],"class_list":{"0":"post-4421","1":"product","2":"type-product","3":"status-publish","4":"has-post-thumbnail","6":"product_cat-hogar","8":"first","9":"outofstock","10":"sale","11":"shipping-taxable","12":"purchasable","13":"product-type-simple"},"_links":{"self":[{"href":"https:\/\/bereketshop.com.mx\/index.php\/wp-json\/wp\/v2\/product\/4421","targetHints":{"allow":["GET"]}}],"collection":[{"href":"https:\/\/bereketshop.com.mx\/index.php\/wp-json\/wp\/v2\/product"}],"about":[{"href":"https:\/\/bereketshop.com.mx\/index.php\/wp-json\/wp\/v2\/types\/product"}],"replies":[{"embeddable":true,"href":"https:\/\/bereketshop.com.mx\/index.php\/wp-json\/wp\/v2\/comments?post=4421"}],"wp:featuredmedia":[{"embeddable":true,"href":"https:\/\/bereketshop.com.mx\/index.php\/wp-json\/wp\/v2\/media\/4693"}],"wp:attachment":[{"href":"https:\/\/bereketshop.com.mx\/index.php\/wp-json\/wp\/v2\/media?parent=4421"}],"wp:term":[{"taxonomy":"product_cat","embeddable":true,"href":"https:\/\/bereketshop.com.mx\/index.php\/wp-json\/wp\/v2\/product_cat?post=4421"},{"taxonomy":"product_tag","embeddable":true,"href":"https:\/\/bereketshop.com.mx\/index.php\/wp-json\/wp\/v2\/product_tag?post=4421"}],"curies":[{"name":"wp","href":"https:\/\/api.w.org\/{rel}","templated":true}]}}