{"id":4423,"date":"2023-11-05T17:16:06","date_gmt":"2023-11-05T16:16:06","guid":{"rendered":"https:\/\/sitio.bereketshop.com.mx\/?post_type=product&#038;p=4423"},"modified":"2024-09-13T21:52:25","modified_gmt":"2024-09-13T19:52:25","slug":"set-de-cuchillos","status":"publish","type":"product","link":"https:\/\/bereketshop.com.mx\/index.php\/product\/set-de-cuchillos\/","title":{"rendered":"Set De Cuchillo de Cocina De Acero Inoxidable"},"content":{"rendered":"<p><strong>DESCRIPCI\u00d3N:<\/strong><\/p>\n<p>Este set de cuchillos de cocina es la combinaci\u00f3n perfecta de elegancia y funcionalidad. Cada cuchillo tiene un uso espec\u00edfico, lo que evita la mezcla de sabores en tus alimentos. Ahora podr\u00e1s pelar, picar y trocear de manera m\u00e1s pr\u00e1ctica y eficiente.<\/p>\n<p>El set incluye cuchillos de acero inoxidable y otros elementos de cocina. Este hermoso y pr\u00e1ctico juego de cuchillos de acero inoxidable para cocina viene con seis piezas y una tabla de picar. Los cuchillos tienen un revestimiento colorido y duradero, son resistentes al \u00f3xido y cuentan con mangos antideslizantes ergon\u00f3micos hechos de material PP.<\/p>\n<p>El set incluye:<br \/>\n*1 Cuchillo de Fruta de 18,5 cm<br \/>\n*1 Cuchillo de Chef de 31 cm<br \/>\n*1 Cuchillo de Sierra de 31 cm<br \/>\n*1 Cuchillo de Picar de 31 cm<br \/>\n*1 Pelador 13,5 cm<br \/>\n*1 Tijeras de Cocina 19 cm.<\/p>\n","protected":false},"excerpt":{"rendered":"<p id=\"title\" class=\"a-size-large a-spacing-none\" style=\"text-align: center;\"><span id=\"productTitle\" class=\"a-size-large product-title-word-break\">Juego de Cuchillos de Cocina &#8211; Cuchillos de Colores &#8211; Set de Cuchillos y Utensilios para Cocina &#8211; Cuchillos de Acero Inoxidable &#8211; Set Juego Cuchillos De Cocina, Tijeras Y Pelador &#8211; Juego De 6 Piezas<\/span><\/p>\n","protected":false},"featured_media":4746,"comment_status":"closed","ping_status":"closed","template":"","meta":{"_joinchat":[]},"product_cat":[59],"product_tag":[],"class_list":{"0":"post-4423","1":"product","2":"type-product","3":"status-publish","4":"has-post-thumbnail","6":"product_cat-hogar","8":"first","9":"outofstock","10":"sale","11":"shipping-taxable","12":"purchasable","13":"product-type-simple"},"_links":{"self":[{"href":"https:\/\/bereketshop.com.mx\/index.php\/wp-json\/wp\/v2\/product\/4423","targetHints":{"allow":["GET"]}}],"collection":[{"href":"https:\/\/bereketshop.com.mx\/index.php\/wp-json\/wp\/v2\/product"}],"about":[{"href":"https:\/\/bereketshop.com.mx\/index.php\/wp-json\/wp\/v2\/types\/product"}],"replies":[{"embeddable":true,"href":"https:\/\/bereketshop.com.mx\/index.php\/wp-json\/wp\/v2\/comments?post=4423"}],"wp:featuredmedia":[{"embeddable":true,"href":"https:\/\/bereketshop.com.mx\/index.php\/wp-json\/wp\/v2\/media\/4746"}],"wp:attachment":[{"href":"https:\/\/bereketshop.com.mx\/index.php\/wp-json\/wp\/v2\/media?parent=4423"}],"wp:term":[{"taxonomy":"product_cat","embeddable":true,"href":"https:\/\/bereketshop.com.mx\/index.php\/wp-json\/wp\/v2\/product_cat?post=4423"},{"taxonomy":"product_tag","embeddable":true,"href":"https:\/\/bereketshop.com.mx\/index.php\/wp-json\/wp\/v2\/product_tag?post=4423"}],"curies":[{"name":"wp","href":"https:\/\/api.w.org\/{rel}","templated":true}]}}