{"id":4424,"date":"2023-11-05T17:16:06","date_gmt":"2023-11-05T16:16:06","guid":{"rendered":"https:\/\/sitio.bereketshop.com.mx\/?post_type=product&#038;p=4424"},"modified":"2024-09-10T20:42:54","modified_gmt":"2024-09-10T18:42:54","slug":"mini-wafflera","status":"publish","type":"product","link":"https:\/\/bereketshop.com.mx\/index.php\/product\/mini-wafflera\/","title":{"rendered":"Mini Waflera El\u00e9ctrica En Forma De Coraz\u00f3n"},"content":{"rendered":"<h4>CARACTER\u00cdSTICA:<\/h4>\n<p>1. Con revestimiento antiadherente en la superficie, es f\u00e1cil de desmoldar, conducir el calor r\u00e1pidamente y es f\u00e1cil de limpiar.<br \/>\n2. Se puede utilizar para hacer gofres, pasteles, galletas, etc. para satisfacer sus necesidades de horneado de bricolaje.<br \/>\n3. F\u00e1cil de usar, transferencia de calor r\u00e1pida, incluso calefacci\u00f3n, y le proporcionar\u00e1 un delicioso desayuno.<br \/>\n4. Mini fabricante de gofres, adopta materiales de calidad alimentaria de alta calidad, duraderos y resistentes a altas temperaturas.<br \/>\n5. Tama\u00f1o peque\u00f1o, f\u00e1cil de almacenar y transportar, adecuado para apartamentos, peque\u00f1as cocinas, dormitorios o viajes.<\/p>\n<h4><strong>ESPECIFICACI\u00d3N:<\/strong><\/h4>\n<p>Condici\u00f3n: 100% nuevo<br \/>\nMaterial: ABS + planchar<br \/>\nVoltaje nominal: US Plug 110V<br \/>\nTama\u00f1o del producto: 120 mm * 160 mm * 60 mm<br \/>\nTama\u00f1o m\u00e1ximo de gofre que se puede hacer: 10cm.<br \/>\nMaterial: Aleaciones de aluminio<br \/>\nCertificado de Cargador: CE<br \/>\nPilas Incluidas: No<br \/>\nSe Requieren Pilas: No<br \/>\nFuente de alimentaci\u00f3n: Enchufe de Pared<\/p>\n","protected":false},"excerpt":{"rendered":"<p style=\"text-align: center;\">Mini Waflera Electrica en Forma de Coraz\u00f3n M\u00e1quina Para\u00a0 Cocinar Waffles<\/p>\n","protected":false},"featured_media":5091,"comment_status":"closed","ping_status":"closed","template":"","meta":{"_joinchat":[]},"product_cat":[240,59],"product_tag":[],"class_list":{"0":"post-4424","1":"product","2":"type-product","3":"status-publish","4":"has-post-thumbnail","6":"product_cat-240","7":"product_cat-hogar","9":"first","10":"instock","11":"shipping-taxable","12":"purchasable","13":"product-type-variable"},"_links":{"self":[{"href":"https:\/\/bereketshop.com.mx\/index.php\/wp-json\/wp\/v2\/product\/4424","targetHints":{"allow":["GET"]}}],"collection":[{"href":"https:\/\/bereketshop.com.mx\/index.php\/wp-json\/wp\/v2\/product"}],"about":[{"href":"https:\/\/bereketshop.com.mx\/index.php\/wp-json\/wp\/v2\/types\/product"}],"replies":[{"embeddable":true,"href":"https:\/\/bereketshop.com.mx\/index.php\/wp-json\/wp\/v2\/comments?post=4424"}],"wp:featuredmedia":[{"embeddable":true,"href":"https:\/\/bereketshop.com.mx\/index.php\/wp-json\/wp\/v2\/media\/5091"}],"wp:attachment":[{"href":"https:\/\/bereketshop.com.mx\/index.php\/wp-json\/wp\/v2\/media?parent=4424"}],"wp:term":[{"taxonomy":"product_cat","embeddable":true,"href":"https:\/\/bereketshop.com.mx\/index.php\/wp-json\/wp\/v2\/product_cat?post=4424"},{"taxonomy":"product_tag","embeddable":true,"href":"https:\/\/bereketshop.com.mx\/index.php\/wp-json\/wp\/v2\/product_tag?post=4424"}],"curies":[{"name":"wp","href":"https:\/\/api.w.org\/{rel}","templated":true}]}}