{"id":4428,"date":"2023-11-05T17:16:06","date_gmt":"2023-11-05T16:16:06","guid":{"rendered":"https:\/\/sitio.bereketshop.com.mx\/?post_type=product&#038;p=4428"},"modified":"2024-09-11T17:44:06","modified_gmt":"2024-09-11T15:44:06","slug":"maquina-rasuradora-para-cabello","status":"publish","type":"product","link":"https:\/\/bereketshop.com.mx\/index.php\/product\/maquina-rasuradora-para-cabello\/","title":{"rendered":"Maquina Rasuradora Para cabello"},"content":{"rendered":"<h4>DESCRIPCI\u00d3N DEL PRODUCTO:<\/h4>\n<p>Dise\u00f1ada con material de titanio de grado aeroespacial y un motor potente, afilado y fuerte, especialmente dise\u00f1ado para un corte suave, r\u00e1pido y preciso en todo tipo de cabello. Evitar la irritaci\u00f3n de la piel, para que sea duradero. A largo plazo, la cuchilla puede mantener una nitidez a largo plazo sin peinar, adecuada para cabello h\u00famedo y seco.<\/p>\n<p>Peque\u00f1a y elegante apariencia y exquisito dise\u00f1o de talla.<\/p>\n<p><strong>El juego incluye:<\/strong><\/p>\n<p>1 maquinilla de afeitar para hombres<\/p>\n<p>4 peines de l\u00edmite de longitud est\u00e1ndar( 1,5\/2\/3\/4 mm )<\/p>\n<p>1*cepillo de limpieza<\/p>\n<p>1*cargador de bater\u00eda usb<\/p>\n<p>1* aceite<\/p>\n<p>1* cubierta antipolvo<\/p>\n<p>1*Manual de instrucciones. \u00a1Accesorios completos para todas sus necesidades de peinado! perfecto para viajes y viajes de negocios!<\/p>\n<p>La cortadora de pelo el\u00e9ctrica para hombres contiene 2 pantallas LED, la pantalla superior muestra la velocidad (3 niveles: 7000, 6500, 6000) y la pantalla inferior muestra el porcentaje de capacidad de la bater\u00eda (1% a 100%), puede obtener muy f\u00e1cilmente el nivel de la bater\u00eda y el estado de carga. tiene una bater\u00eda ecol\u00f3gica de iones de litio de 1200mAh incorporada que puede funcionar durante 180 minutos con una carga de 2-3 horas.<\/p>\n<p>Fuerte motor giratorio de 10W para mayor velocidad y potencia, baja vibraci\u00f3n y dise\u00f1o ultra silencioso (40dB) para protegerlo del ruido. Contacto suave con la piel para evitar da\u00f1os accidentales en la superficie de la piel, que proporciona un recorte suave y sin esfuerzo en ning\u00fan momento. No s\u00f3lo es adecuado para los hombres, sino tambi\u00e9n para los ni\u00f1os y las mascotas.<\/p>\n<p>Esta recortadora es resistente al agua, le permite limpiar f\u00e1cilmente con agua del grifo, simplemente enjuague la cuchilla bajo el agua corriente para una limpieza r\u00e1pida e higi\u00e9nica. Adem\u00e1s, el mini cepillo de limpieza adjunto es un buen ayudante para mantener el dimmer limpio. (PS: El cuerpo del dimmer no es impermeable, por favor no lo ponga en el agua directamente).<\/p>\n<p>Color: Dorado<\/p>\n","protected":false},"excerpt":{"rendered":"<p style=\"text-align: center;\">Afeitadoras El\u00e9ctrica para Hombres Profesional | 9 en 1 Recargable | M\u00e1quina Cortapelos Impermeable | Cortadora de Cabello | Juego de Recortadora de Barba LED Pantalla Velocidad Ajustable.<\/p>\n<p style=\"text-align: center;\">\n","protected":false},"featured_media":4700,"comment_status":"closed","ping_status":"closed","template":"","meta":{"_joinchat":[]},"product_cat":[244,59],"product_tag":[],"class_list":{"0":"post-4428","1":"product","2":"type-product","3":"status-publish","4":"has-post-thumbnail","6":"product_cat-244","7":"product_cat-hogar","9":"first","10":"instock","11":"sale","12":"shipping-taxable","13":"purchasable","14":"product-type-simple"},"_links":{"self":[{"href":"https:\/\/bereketshop.com.mx\/index.php\/wp-json\/wp\/v2\/product\/4428","targetHints":{"allow":["GET"]}}],"collection":[{"href":"https:\/\/bereketshop.com.mx\/index.php\/wp-json\/wp\/v2\/product"}],"about":[{"href":"https:\/\/bereketshop.com.mx\/index.php\/wp-json\/wp\/v2\/types\/product"}],"replies":[{"embeddable":true,"href":"https:\/\/bereketshop.com.mx\/index.php\/wp-json\/wp\/v2\/comments?post=4428"}],"wp:featuredmedia":[{"embeddable":true,"href":"https:\/\/bereketshop.com.mx\/index.php\/wp-json\/wp\/v2\/media\/4700"}],"wp:attachment":[{"href":"https:\/\/bereketshop.com.mx\/index.php\/wp-json\/wp\/v2\/media?parent=4428"}],"wp:term":[{"taxonomy":"product_cat","embeddable":true,"href":"https:\/\/bereketshop.com.mx\/index.php\/wp-json\/wp\/v2\/product_cat?post=4428"},{"taxonomy":"product_tag","embeddable":true,"href":"https:\/\/bereketshop.com.mx\/index.php\/wp-json\/wp\/v2\/product_tag?post=4428"}],"curies":[{"name":"wp","href":"https:\/\/api.w.org\/{rel}","templated":true}]}}