{"id":4429,"date":"2023-11-05T17:16:06","date_gmt":"2023-11-05T16:16:06","guid":{"rendered":"https:\/\/sitio.bereketshop.com.mx\/?post_type=product&#038;p=4429"},"modified":"2024-05-02T17:01:45","modified_gmt":"2024-05-02T15:01:45","slug":"humidificador-lumbre","status":"publish","type":"product","link":"https:\/\/bereketshop.com.mx\/index.php\/product\/humidificador-lumbre\/","title":{"rendered":"Humidificador Efecto Llamas"},"content":{"rendered":"<p><strong>CARACTER\u00cdSTICAS DEL PRODUCTO:<\/strong><\/p>\n<ul>\n<li><span data-sheets-root=\"1\" data-sheets-value=\"{&quot;1&quot;:2,&quot;2&quot;:&quot;Apagado autom\u00e1tico sin agua El difusor de aromaterapia tiene un chip de protecci\u00f3n de escasez de agua integrado, que se apagar\u00e1 autom\u00e1ticamente una vez que el agua se agote. Puedes disfrutar de un sue\u00f1o reparador y mantener este difusor de aroma encendido por la noche sin preocupaciones.\\n3 modos de luz ambiental Este difusor de llama para aceites esenciales incluye 3 luces ambientales que cambian de color para tu elecci\u00f3n. Es ideal para crear un ambiente tranquilo durante la meditaci\u00f3n, un ambiente estimulante o para usar como luz nocturna.\\nDifusor multifuncional: el difusor de aroma de niebla fr\u00eda tambi\u00e9n se puede utilizar como humidificador, m\u00e1quina de aroma o luz nocturna. Este difusor ultras\u00f3nico puede llenar tu habitaci\u00f3n con tus aceites esenciales favoritos, mientras disfrutas de la niebla fr\u00eda del humidificador.\\nRegalo elegante: el difusor de aceites esenciales para el hogar con su dise\u00f1o minimalista y \u00f3ptica moderna, que es un gran y valioso regalo para tus amigos y familiares.\\nDifusor de aceites esenciales Puedes a\u00f1adir 2-3 gotas de aceite esencial al agua para aliviar la fatiga e hidratar tu piel. Junto con la luz de llama, a\u00f1ade un ambiente rom\u00e1ntico y c\u00e1lido a la habitaci\u00f3n. La capacidad de 200 ml permite que el dispositivo funcione durante 18 horas. La tecnolog\u00eda ultras\u00f3nica proporciona una niebla fr\u00eda fina y estable que a\u00f1ade humedad al aire sin mojarse tus muebles o suelos.\\n\\nEl color es variante&quot;}\" data-sheets-userformat=\"{&quot;2&quot;:13249,&quot;3&quot;:{&quot;1&quot;:0},&quot;9&quot;:0,&quot;10&quot;:0,&quot;11&quot;:3,&quot;12&quot;:0,&quot;15&quot;:&quot;Calibri&quot;,&quot;16&quot;:12}\">Apagado autom\u00e1tico sin agua El difusor de aromaterapia tiene un chip de protecci\u00f3n de escasez de agua integrado, que se apagar\u00e1 autom\u00e1ticamente una vez que el agua se agote.<\/span><\/li>\n<li><span data-sheets-root=\"1\" data-sheets-value=\"{&quot;1&quot;:2,&quot;2&quot;:&quot;Apagado autom\u00e1tico sin agua El difusor de aromaterapia tiene un chip de protecci\u00f3n de escasez de agua integrado, que se apagar\u00e1 autom\u00e1ticamente una vez que el agua se agote. Puedes disfrutar de un sue\u00f1o reparador y mantener este difusor de aroma encendido por la noche sin preocupaciones.\\n3 modos de luz ambiental Este difusor de llama para aceites esenciales incluye 3 luces ambientales que cambian de color para tu elecci\u00f3n. Es ideal para crear un ambiente tranquilo durante la meditaci\u00f3n, un ambiente estimulante o para usar como luz nocturna.\\nDifusor multifuncional: el difusor de aroma de niebla fr\u00eda tambi\u00e9n se puede utilizar como humidificador, m\u00e1quina de aroma o luz nocturna. Este difusor ultras\u00f3nico puede llenar tu habitaci\u00f3n con tus aceites esenciales favoritos, mientras disfrutas de la niebla fr\u00eda del humidificador.\\nRegalo elegante: el difusor de aceites esenciales para el hogar con su dise\u00f1o minimalista y \u00f3ptica moderna, que es un gran y valioso regalo para tus amigos y familiares.\\nDifusor de aceites esenciales Puedes a\u00f1adir 2-3 gotas de aceite esencial al agua para aliviar la fatiga e hidratar tu piel. Junto con la luz de llama, a\u00f1ade un ambiente rom\u00e1ntico y c\u00e1lido a la habitaci\u00f3n. La capacidad de 200 ml permite que el dispositivo funcione durante 18 horas. La tecnolog\u00eda ultras\u00f3nica proporciona una niebla fr\u00eda fina y estable que a\u00f1ade humedad al aire sin mojarse tus muebles o suelos.\\n\\nEl color es variante&quot;}\" data-sheets-userformat=\"{&quot;2&quot;:13249,&quot;3&quot;:{&quot;1&quot;:0},&quot;9&quot;:0,&quot;10&quot;:0,&quot;11&quot;:3,&quot;12&quot;:0,&quot;15&quot;:&quot;Calibri&quot;,&quot;16&quot;:12}\"> Puedes disfrutar de un sue\u00f1o reparador y mantener este difusor de aroma encendido por la noche sin preocupaciones.<\/span><\/li>\n<li><span data-sheets-root=\"1\" data-sheets-value=\"{&quot;1&quot;:2,&quot;2&quot;:&quot;Apagado autom\u00e1tico sin agua El difusor de aromaterapia tiene un chip de protecci\u00f3n de escasez de agua integrado, que se apagar\u00e1 autom\u00e1ticamente una vez que el agua se agote. Puedes disfrutar de un sue\u00f1o reparador y mantener este difusor de aroma encendido por la noche sin preocupaciones.\\n3 modos de luz ambiental Este difusor de llama para aceites esenciales incluye 3 luces ambientales que cambian de color para tu elecci\u00f3n. Es ideal para crear un ambiente tranquilo durante la meditaci\u00f3n, un ambiente estimulante o para usar como luz nocturna.\\nDifusor multifuncional: el difusor de aroma de niebla fr\u00eda tambi\u00e9n se puede utilizar como humidificador, m\u00e1quina de aroma o luz nocturna. Este difusor ultras\u00f3nico puede llenar tu habitaci\u00f3n con tus aceites esenciales favoritos, mientras disfrutas de la niebla fr\u00eda del humidificador.\\nRegalo elegante: el difusor de aceites esenciales para el hogar con su dise\u00f1o minimalista y \u00f3ptica moderna, que es un gran y valioso regalo para tus amigos y familiares.\\nDifusor de aceites esenciales Puedes a\u00f1adir 2-3 gotas de aceite esencial al agua para aliviar la fatiga e hidratar tu piel. Junto con la luz de llama, a\u00f1ade un ambiente rom\u00e1ntico y c\u00e1lido a la habitaci\u00f3n. La capacidad de 200 ml permite que el dispositivo funcione durante 18 horas. La tecnolog\u00eda ultras\u00f3nica proporciona una niebla fr\u00eda fina y estable que a\u00f1ade humedad al aire sin mojarse tus muebles o suelos.\\n\\nEl color es variante&quot;}\" data-sheets-userformat=\"{&quot;2&quot;:13249,&quot;3&quot;:{&quot;1&quot;:0},&quot;9&quot;:0,&quot;10&quot;:0,&quot;11&quot;:3,&quot;12&quot;:0,&quot;15&quot;:&quot;Calibri&quot;,&quot;16&quot;:12}\"><br \/>\n3 modos de luz ambiental Este difusor de llama para aceites esenciales incluye 3 luces ambientales que cambian de color para tu elecci\u00f3n.<\/span><\/li>\n<li><span data-sheets-root=\"1\" data-sheets-value=\"{&quot;1&quot;:2,&quot;2&quot;:&quot;Apagado autom\u00e1tico sin agua El difusor de aromaterapia tiene un chip de protecci\u00f3n de escasez de agua integrado, que se apagar\u00e1 autom\u00e1ticamente una vez que el agua se agote. Puedes disfrutar de un sue\u00f1o reparador y mantener este difusor de aroma encendido por la noche sin preocupaciones.\\n3 modos de luz ambiental Este difusor de llama para aceites esenciales incluye 3 luces ambientales que cambian de color para tu elecci\u00f3n. Es ideal para crear un ambiente tranquilo durante la meditaci\u00f3n, un ambiente estimulante o para usar como luz nocturna.\\nDifusor multifuncional: el difusor de aroma de niebla fr\u00eda tambi\u00e9n se puede utilizar como humidificador, m\u00e1quina de aroma o luz nocturna. Este difusor ultras\u00f3nico puede llenar tu habitaci\u00f3n con tus aceites esenciales favoritos, mientras disfrutas de la niebla fr\u00eda del humidificador.\\nRegalo elegante: el difusor de aceites esenciales para el hogar con su dise\u00f1o minimalista y \u00f3ptica moderna, que es un gran y valioso regalo para tus amigos y familiares.\\nDifusor de aceites esenciales Puedes a\u00f1adir 2-3 gotas de aceite esencial al agua para aliviar la fatiga e hidratar tu piel. Junto con la luz de llama, a\u00f1ade un ambiente rom\u00e1ntico y c\u00e1lido a la habitaci\u00f3n. La capacidad de 200 ml permite que el dispositivo funcione durante 18 horas. La tecnolog\u00eda ultras\u00f3nica proporciona una niebla fr\u00eda fina y estable que a\u00f1ade humedad al aire sin mojarse tus muebles o suelos.\\n\\nEl color es variante&quot;}\" data-sheets-userformat=\"{&quot;2&quot;:13249,&quot;3&quot;:{&quot;1&quot;:0},&quot;9&quot;:0,&quot;10&quot;:0,&quot;11&quot;:3,&quot;12&quot;:0,&quot;15&quot;:&quot;Calibri&quot;,&quot;16&quot;:12}\"> Es ideal para crear un ambiente tranquilo durante la meditaci\u00f3n, un ambiente estimulante o para usar como luz nocturna.<\/span><\/li>\n<li><span data-sheets-root=\"1\" data-sheets-value=\"{&quot;1&quot;:2,&quot;2&quot;:&quot;Apagado autom\u00e1tico sin agua El difusor de aromaterapia tiene un chip de protecci\u00f3n de escasez de agua integrado, que se apagar\u00e1 autom\u00e1ticamente una vez que el agua se agote. Puedes disfrutar de un sue\u00f1o reparador y mantener este difusor de aroma encendido por la noche sin preocupaciones.\\n3 modos de luz ambiental Este difusor de llama para aceites esenciales incluye 3 luces ambientales que cambian de color para tu elecci\u00f3n. Es ideal para crear un ambiente tranquilo durante la meditaci\u00f3n, un ambiente estimulante o para usar como luz nocturna.\\nDifusor multifuncional: el difusor de aroma de niebla fr\u00eda tambi\u00e9n se puede utilizar como humidificador, m\u00e1quina de aroma o luz nocturna. Este difusor ultras\u00f3nico puede llenar tu habitaci\u00f3n con tus aceites esenciales favoritos, mientras disfrutas de la niebla fr\u00eda del humidificador.\\nRegalo elegante: el difusor de aceites esenciales para el hogar con su dise\u00f1o minimalista y \u00f3ptica moderna, que es un gran y valioso regalo para tus amigos y familiares.\\nDifusor de aceites esenciales Puedes a\u00f1adir 2-3 gotas de aceite esencial al agua para aliviar la fatiga e hidratar tu piel. Junto con la luz de llama, a\u00f1ade un ambiente rom\u00e1ntico y c\u00e1lido a la habitaci\u00f3n. La capacidad de 200 ml permite que el dispositivo funcione durante 18 horas. La tecnolog\u00eda ultras\u00f3nica proporciona una niebla fr\u00eda fina y estable que a\u00f1ade humedad al aire sin mojarse tus muebles o suelos.\\n\\nEl color es variante&quot;}\" data-sheets-userformat=\"{&quot;2&quot;:13249,&quot;3&quot;:{&quot;1&quot;:0},&quot;9&quot;:0,&quot;10&quot;:0,&quot;11&quot;:3,&quot;12&quot;:0,&quot;15&quot;:&quot;Calibri&quot;,&quot;16&quot;:12}\"><br \/>\nDifusor multifuncional: el difusor de aroma de niebla fr\u00eda tambi\u00e9n se puede utilizar como humidificador, m\u00e1quina de aroma o luz nocturna. Este difusor ultras\u00f3nico puede llenar tu habitaci\u00f3n con tus aceites esenciales favoritos, mientras disfrutas de la niebla fr\u00eda del humidificador.<\/span><\/li>\n<li><span data-sheets-root=\"1\" data-sheets-value=\"{&quot;1&quot;:2,&quot;2&quot;:&quot;Apagado autom\u00e1tico sin agua El difusor de aromaterapia tiene un chip de protecci\u00f3n de escasez de agua integrado, que se apagar\u00e1 autom\u00e1ticamente una vez que el agua se agote. Puedes disfrutar de un sue\u00f1o reparador y mantener este difusor de aroma encendido por la noche sin preocupaciones.\\n3 modos de luz ambiental Este difusor de llama para aceites esenciales incluye 3 luces ambientales que cambian de color para tu elecci\u00f3n. Es ideal para crear un ambiente tranquilo durante la meditaci\u00f3n, un ambiente estimulante o para usar como luz nocturna.\\nDifusor multifuncional: el difusor de aroma de niebla fr\u00eda tambi\u00e9n se puede utilizar como humidificador, m\u00e1quina de aroma o luz nocturna. Este difusor ultras\u00f3nico puede llenar tu habitaci\u00f3n con tus aceites esenciales favoritos, mientras disfrutas de la niebla fr\u00eda del humidificador.\\nRegalo elegante: el difusor de aceites esenciales para el hogar con su dise\u00f1o minimalista y \u00f3ptica moderna, que es un gran y valioso regalo para tus amigos y familiares.\\nDifusor de aceites esenciales Puedes a\u00f1adir 2-3 gotas de aceite esencial al agua para aliviar la fatiga e hidratar tu piel. Junto con la luz de llama, a\u00f1ade un ambiente rom\u00e1ntico y c\u00e1lido a la habitaci\u00f3n. La capacidad de 200 ml permite que el dispositivo funcione durante 18 horas. La tecnolog\u00eda ultras\u00f3nica proporciona una niebla fr\u00eda fina y estable que a\u00f1ade humedad al aire sin mojarse tus muebles o suelos.\\n\\nEl color es variante&quot;}\" data-sheets-userformat=\"{&quot;2&quot;:13249,&quot;3&quot;:{&quot;1&quot;:0},&quot;9&quot;:0,&quot;10&quot;:0,&quot;11&quot;:3,&quot;12&quot;:0,&quot;15&quot;:&quot;Calibri&quot;,&quot;16&quot;:12}\"><br \/>\nRegalo elegante: el difusor de aceites esenciales para el hogar con su dise\u00f1o minimalista y \u00f3ptica moderna, que es un gran y valioso regalo para tus amigos y familiares.<\/span><\/li>\n<\/ul>\n<p><span data-sheets-root=\"1\" data-sheets-value=\"{&quot;1&quot;:2,&quot;2&quot;:&quot;Apagado autom\u00e1tico sin agua El difusor de aromaterapia tiene un chip de protecci\u00f3n de escasez de agua integrado, que se apagar\u00e1 autom\u00e1ticamente una vez que el agua se agote. Puedes disfrutar de un sue\u00f1o reparador y mantener este difusor de aroma encendido por la noche sin preocupaciones.\\n3 modos de luz ambiental Este difusor de llama para aceites esenciales incluye 3 luces ambientales que cambian de color para tu elecci\u00f3n. Es ideal para crear un ambiente tranquilo durante la meditaci\u00f3n, un ambiente estimulante o para usar como luz nocturna.\\nDifusor multifuncional: el difusor de aroma de niebla fr\u00eda tambi\u00e9n se puede utilizar como humidificador, m\u00e1quina de aroma o luz nocturna. Este difusor ultras\u00f3nico puede llenar tu habitaci\u00f3n con tus aceites esenciales favoritos, mientras disfrutas de la niebla fr\u00eda del humidificador.\\nRegalo elegante: el difusor de aceites esenciales para el hogar con su dise\u00f1o minimalista y \u00f3ptica moderna, que es un gran y valioso regalo para tus amigos y familiares.\\nDifusor de aceites esenciales Puedes a\u00f1adir 2-3 gotas de aceite esencial al agua para aliviar la fatiga e hidratar tu piel. Junto con la luz de llama, a\u00f1ade un ambiente rom\u00e1ntico y c\u00e1lido a la habitaci\u00f3n. La capacidad de 200 ml permite que el dispositivo funcione durante 18 horas. La tecnolog\u00eda ultras\u00f3nica proporciona una niebla fr\u00eda fina y estable que a\u00f1ade humedad al aire sin mojarse tus muebles o suelos.\\n\\nEl color es variante&quot;}\" data-sheets-userformat=\"{&quot;2&quot;:13249,&quot;3&quot;:{&quot;1&quot;:0},&quot;9&quot;:0,&quot;10&quot;:0,&quot;11&quot;:3,&quot;12&quot;:0,&quot;15&quot;:&quot;Calibri&quot;,&quot;16&quot;:12}\"><br \/>\n<strong><em>Difusor de aceites esenciales:<\/em> <\/strong>Puedes a\u00f1adir 2-3 gotas de aceite esencial al agua para aliviar la fatiga e hidratar tu piel. Junto con la luz de llama, a\u00f1ade un ambiente rom\u00e1ntico y c\u00e1lido a la habitaci\u00f3n.<\/span><\/p>\n<p><span data-sheets-root=\"1\" data-sheets-value=\"{&quot;1&quot;:2,&quot;2&quot;:&quot;Apagado autom\u00e1tico sin agua El difusor de aromaterapia tiene un chip de protecci\u00f3n de escasez de agua integrado, que se apagar\u00e1 autom\u00e1ticamente una vez que el agua se agote. Puedes disfrutar de un sue\u00f1o reparador y mantener este difusor de aroma encendido por la noche sin preocupaciones.\\n3 modos de luz ambiental Este difusor de llama para aceites esenciales incluye 3 luces ambientales que cambian de color para tu elecci\u00f3n. Es ideal para crear un ambiente tranquilo durante la meditaci\u00f3n, un ambiente estimulante o para usar como luz nocturna.\\nDifusor multifuncional: el difusor de aroma de niebla fr\u00eda tambi\u00e9n se puede utilizar como humidificador, m\u00e1quina de aroma o luz nocturna. Este difusor ultras\u00f3nico puede llenar tu habitaci\u00f3n con tus aceites esenciales favoritos, mientras disfrutas de la niebla fr\u00eda del humidificador.\\nRegalo elegante: el difusor de aceites esenciales para el hogar con su dise\u00f1o minimalista y \u00f3ptica moderna, que es un gran y valioso regalo para tus amigos y familiares.\\nDifusor de aceites esenciales Puedes a\u00f1adir 2-3 gotas de aceite esencial al agua para aliviar la fatiga e hidratar tu piel. Junto con la luz de llama, a\u00f1ade un ambiente rom\u00e1ntico y c\u00e1lido a la habitaci\u00f3n. La capacidad de 200 ml permite que el dispositivo funcione durante 18 horas. La tecnolog\u00eda ultras\u00f3nica proporciona una niebla fr\u00eda fina y estable que a\u00f1ade humedad al aire sin mojarse tus muebles o suelos.\\n\\nEl color es variante&quot;}\" data-sheets-userformat=\"{&quot;2&quot;:13249,&quot;3&quot;:{&quot;1&quot;:0},&quot;9&quot;:0,&quot;10&quot;:0,&quot;11&quot;:3,&quot;12&quot;:0,&quot;15&quot;:&quot;Calibri&quot;,&quot;16&quot;:12}\"> La capacidad de 200 ml permite que el dispositivo funcione durante 18 horas. <\/span><\/p>\n<p><span data-sheets-root=\"1\" data-sheets-value=\"{&quot;1&quot;:2,&quot;2&quot;:&quot;Apagado autom\u00e1tico sin agua El difusor de aromaterapia tiene un chip de protecci\u00f3n de escasez de agua integrado, que se apagar\u00e1 autom\u00e1ticamente una vez que el agua se agote. Puedes disfrutar de un sue\u00f1o reparador y mantener este difusor de aroma encendido por la noche sin preocupaciones.\\n3 modos de luz ambiental Este difusor de llama para aceites esenciales incluye 3 luces ambientales que cambian de color para tu elecci\u00f3n. Es ideal para crear un ambiente tranquilo durante la meditaci\u00f3n, un ambiente estimulante o para usar como luz nocturna.\\nDifusor multifuncional: el difusor de aroma de niebla fr\u00eda tambi\u00e9n se puede utilizar como humidificador, m\u00e1quina de aroma o luz nocturna. Este difusor ultras\u00f3nico puede llenar tu habitaci\u00f3n con tus aceites esenciales favoritos, mientras disfrutas de la niebla fr\u00eda del humidificador.\\nRegalo elegante: el difusor de aceites esenciales para el hogar con su dise\u00f1o minimalista y \u00f3ptica moderna, que es un gran y valioso regalo para tus amigos y familiares.\\nDifusor de aceites esenciales Puedes a\u00f1adir 2-3 gotas de aceite esencial al agua para aliviar la fatiga e hidratar tu piel. Junto con la luz de llama, a\u00f1ade un ambiente rom\u00e1ntico y c\u00e1lido a la habitaci\u00f3n. La capacidad de 200 ml permite que el dispositivo funcione durante 18 horas. La tecnolog\u00eda ultras\u00f3nica proporciona una niebla fr\u00eda fina y estable que a\u00f1ade humedad al aire sin mojarse tus muebles o suelos.\\n\\nEl color es variante&quot;}\" data-sheets-userformat=\"{&quot;2&quot;:13249,&quot;3&quot;:{&quot;1&quot;:0},&quot;9&quot;:0,&quot;10&quot;:0,&quot;11&quot;:3,&quot;12&quot;:0,&quot;15&quot;:&quot;Calibri&quot;,&quot;16&quot;:12}\">La tecnolog\u00eda ultras\u00f3nica proporciona una niebla fr\u00eda fina y estable que a\u00f1ade humedad al aire sin mojarse tus muebles o suelos.<\/p>\n<p><\/span><\/p>\n","protected":false},"excerpt":{"rendered":"<p style=\"text-align: center;\">Difusor de Llamas Fuego |Aceite Esencial con luz | Mini humidificador de Aire silencioso | Difusor de Fuego | Cambia de Color 4 Efectos | Difusor de aromaterapia de Apagado autom\u00e1tico|<\/p>\n","protected":false},"featured_media":4681,"comment_status":"closed","ping_status":"closed","template":"","meta":{"_joinchat":[]},"product_cat":[59],"product_tag":[],"class_list":{"0":"post-4429","1":"product","2":"type-product","3":"status-publish","4":"has-post-thumbnail","6":"product_cat-hogar","8":"first","9":"outofstock","10":"sale","11":"shipping-taxable","12":"purchasable","13":"product-type-simple"},"_links":{"self":[{"href":"https:\/\/bereketshop.com.mx\/index.php\/wp-json\/wp\/v2\/product\/4429","targetHints":{"allow":["GET"]}}],"collection":[{"href":"https:\/\/bereketshop.com.mx\/index.php\/wp-json\/wp\/v2\/product"}],"about":[{"href":"https:\/\/bereketshop.com.mx\/index.php\/wp-json\/wp\/v2\/types\/product"}],"replies":[{"embeddable":true,"href":"https:\/\/bereketshop.com.mx\/index.php\/wp-json\/wp\/v2\/comments?post=4429"}],"wp:featuredmedia":[{"embeddable":true,"href":"https:\/\/bereketshop.com.mx\/index.php\/wp-json\/wp\/v2\/media\/4681"}],"wp:attachment":[{"href":"https:\/\/bereketshop.com.mx\/index.php\/wp-json\/wp\/v2\/media?parent=4429"}],"wp:term":[{"taxonomy":"product_cat","embeddable":true,"href":"https:\/\/bereketshop.com.mx\/index.php\/wp-json\/wp\/v2\/product_cat?post=4429"},{"taxonomy":"product_tag","embeddable":true,"href":"https:\/\/bereketshop.com.mx\/index.php\/wp-json\/wp\/v2\/product_tag?post=4429"}],"curies":[{"name":"wp","href":"https:\/\/api.w.org\/{rel}","templated":true}]}}