{"id":4432,"date":"2023-11-05T17:16:07","date_gmt":"2023-11-05T16:16:07","guid":{"rendered":"https:\/\/sitio.bereketshop.com.mx\/?post_type=product&#038;p=4432"},"modified":"2024-09-13T21:44:20","modified_gmt":"2024-09-13T19:44:20","slug":"humidificador","status":"publish","type":"product","link":"https:\/\/bereketshop.com.mx\/index.php\/product\/humidificador\/","title":{"rendered":"Mini Humidificador"},"content":{"rendered":"<h4>CARACTER\u00cdSTICAS:<\/h4>\n<p>Este producto puede utilizarse como difusor de aromas para interiores y como humidificador personal con una gran capacidad de 220ML, lo que lo hace muy elegante y pr\u00e1ctico. Con el cable de alimentaci\u00f3n USB universal se puede conectar a la mayor\u00eda de los coches para proporcionar un entorno c\u00f3modo para su viaje.<\/p>\n<p>F\u00e1cil de transportar, ya que es ligero y port\u00e1til y puede utilizarse en el coche, la oficina, el hogar, en cualquier lugar.<\/p>\n<p>&nbsp;<\/p>\n<p><strong>La aromaterapia relajante y org\u00e1nica mejora la calidad del aire.<\/strong><\/p>\n<ul>\n<li>Aumenta la humedad, elimina la sequedad y alivia la piel agrietada, los labios secos y la sinusitis y la tos.<br \/>\nMediante una avanzada tecnolog\u00eda ultras\u00f3nica, el agua se ioniza en finas part\u00edculas de niebla para mantener el aire h\u00famedo, nutrir la piel y reducir la radiaci\u00f3n.<\/li>\n<li>La atm\u00f3sfera ultra-calmante tambi\u00e9n le permite dormir profundamente y c\u00f3modamente con menos estr\u00e9s.<br \/>\nRegula el estado de \u00e1nimo, alivia la fatiga y estimula la creatividad, perfecto para oficinistas y estudiantes y un gran compa\u00f1ero en la vida familiar.<\/li>\n<li>Dispone de varias protecciones para evitar la sobrecorriente, la sobrecarga y el sobrecalentamiento; protecci\u00f3n de apagado autom\u00e1tico y un dise\u00f1o de apagado autom\u00e1tico para que no tenga que preocuparse de que el humidificador se vuelva loco cuando se quede sin agua.<\/li>\n<li>Puede elegir entre dos estilos diferentes y seleccionar el modelo que m\u00e1s le convenga seg\u00fan sus preferencias.<\/li>\n<\/ul>\n<p><strong>Instrucciones de funcionamiento<\/strong><\/p>\n<p><strong>\u00a0Instrucciones de pulverizaci\u00f3n:<\/strong> Conecte la alimentaci\u00f3n, pulse el bot\u00f3n para activar el modo de pulverizaci\u00f3n continua; pulse de nuevo para activar el modo de pulverizaci\u00f3n intermitente para pulverizar durante 4 segundos y parar durante 6 segundos, pulse el bot\u00f3n una tercera vez para desactivar todos los modos de pulverizaci\u00f3n.<\/p>\n<p><strong>Funcionamiento de la luz nocturna:<\/strong> mantenga pulsado el bot\u00f3n durante 2 segundos para encender la luz nocturna; mantenga pulsado el bot\u00f3n de nuevo para apagar la luz nocturna.<\/p>\n<p><strong>Anti-secado:<\/strong> todos los modos de pulverizaci\u00f3n se apagan autom\u00e1ticamente durante 4 horas y se pueden reiniciar para su uso posterior.<\/p>\n<p>Para utilizarlo por primera vez, ll\u00e9nelo de agua (aprox. 90%) y d\u00e9jelo reposar de 3 a 5 minutos antes de encenderlo.<\/p>\n<p>&nbsp;<\/p>\n<p>Una opci\u00f3n de primera para una vida sana y un gran regalo para amigos, ni\u00f1os y familiares.<\/p>\n<div id=\"gtx-trans\" style=\"position: absolute; left: 217px; top: 47.8px;\">\n<div class=\"gtx-trans-icon\"><\/div>\n<\/div>\n","protected":false},"excerpt":{"rendered":"<p style=\"text-align: center;\">Mini Humidificador Port\u00e1til | Humidificador De Aire Usb | Humidificador Aromaterapia | Humidificador De Aire Usb | Aceites.<\/p>\n<div id=\"gtx-trans\" style=\"position: absolute; left: 160px; top: 37.8px;\">\n<div class=\"gtx-trans-icon\"><\/div>\n<\/div>\n","protected":false},"featured_media":4676,"comment_status":"closed","ping_status":"closed","template":"","meta":{"_joinchat":[]},"product_cat":[245,59],"product_tag":[],"class_list":{"0":"post-4432","1":"product","2":"type-product","3":"status-publish","4":"has-post-thumbnail","6":"product_cat-245","7":"product_cat-hogar","9":"first","10":"instock","11":"sale","12":"shipping-taxable","13":"purchasable","14":"product-type-simple"},"_links":{"self":[{"href":"https:\/\/bereketshop.com.mx\/index.php\/wp-json\/wp\/v2\/product\/4432","targetHints":{"allow":["GET"]}}],"collection":[{"href":"https:\/\/bereketshop.com.mx\/index.php\/wp-json\/wp\/v2\/product"}],"about":[{"href":"https:\/\/bereketshop.com.mx\/index.php\/wp-json\/wp\/v2\/types\/product"}],"replies":[{"embeddable":true,"href":"https:\/\/bereketshop.com.mx\/index.php\/wp-json\/wp\/v2\/comments?post=4432"}],"wp:featuredmedia":[{"embeddable":true,"href":"https:\/\/bereketshop.com.mx\/index.php\/wp-json\/wp\/v2\/media\/4676"}],"wp:attachment":[{"href":"https:\/\/bereketshop.com.mx\/index.php\/wp-json\/wp\/v2\/media?parent=4432"}],"wp:term":[{"taxonomy":"product_cat","embeddable":true,"href":"https:\/\/bereketshop.com.mx\/index.php\/wp-json\/wp\/v2\/product_cat?post=4432"},{"taxonomy":"product_tag","embeddable":true,"href":"https:\/\/bereketshop.com.mx\/index.php\/wp-json\/wp\/v2\/product_tag?post=4432"}],"curies":[{"name":"wp","href":"https:\/\/api.w.org\/{rel}","templated":true}]}}