{"id":4433,"date":"2023-11-05T17:16:07","date_gmt":"2023-11-05T16:16:07","guid":{"rendered":"https:\/\/sitio.bereketshop.com.mx\/?post_type=product&#038;p=4433"},"modified":"2024-09-10T21:41:33","modified_gmt":"2024-09-10T19:41:33","slug":"pila-recargable","status":"publish","type":"product","link":"https:\/\/bereketshop.com.mx\/index.php\/product\/pila-recargable\/","title":{"rendered":"Cargador Para Pilas Recargable"},"content":{"rendered":"<h4>CARACTER\u00cdSTICAS:<\/h4>\n<p><span data-sheets-root=\"1\" data-sheets-value=\"{&quot;1&quot;:2,&quot;2&quot;:&quot;Llena de energ\u00eda las bater\u00edas m\u00e1s usadas en casa y oficina y no dejes tus aparatos sin funcionar.\\nTiene luces LED que te indica que el cargador est\u00e1 en funcionamiento\\nCompatible con pilas de n\u00edquel-metal y n\u00edquel-cadmio\\nTiene clavija abatible y tama\u00f1o compacto para guardarlo f\u00e1cil\\n\\nRecarga bater\u00edas \u201cAA\u201d y \u201cAAA\u201d con este cargador, compatible con pilas de composici\u00f3n n\u00edquel-metal (Ni-MH) y n\u00edquel-cadmio (Ni-Cd).\\n\\nTiene 4 indicadores LED de funcionamiento que encienden al colocar el par de bater\u00edas para recargar (La recarga debe ser en pares y con pilas del mismo tipo \u201cAA\u201d o \u201cAAA\u201d).\\n\\nTambi\u00e9n incorpora clavija abatible para guardarlo y transportarlo f\u00e1cilmente.\\nIncluye 4 bater\u00edas \u201cAAA\u201d de 600 mAh.\\n\\nAl utilizar bater\u00edas recargables ayudas al medio ambiente y adem\u00e1s ahorras dinero al no gastar continuamente en pilas.\\n\\nFicha t\u00e9cnica:\\n-Tama\u00f1o compacto y ligero\\n-Compatible con bater\u00edas NiCd\\n-Entrada: 100 Vca 60HZ 150mA\\n-Salida: 4 x (2,7 V--- 240 mA m\u00e1x.) para bater\u00edas AAA\\n-Consumo: 8 W\/h\\n-Consumo en espera: &lt;0,5 W\/h\\n-Bater\u00edas incluidas: 4 *1,2 V 600 mAh\\n-Temperatura de operaci\u00f3n: 0 \u2013 35\u00b0C\\n-Temperatura de almacenamiento: -25 \u00b0C a 60 \u00b0C\\n-Humedad relativa:&lt;95% no condensada&quot;}\" data-sheets-userformat=\"{&quot;2&quot;:13249,&quot;3&quot;:{&quot;1&quot;:0},&quot;9&quot;:0,&quot;10&quot;:0,&quot;11&quot;:3,&quot;12&quot;:0,&quot;15&quot;:&quot;Calibri&quot;,&quot;16&quot;:12}\">Llena de energ\u00eda las bater\u00edas m\u00e1s usadas en casa y oficina y no dejes tus aparatos sin funcionar.<\/span><\/p>\n<ul>\n<li><span data-sheets-root=\"1\" data-sheets-value=\"{&quot;1&quot;:2,&quot;2&quot;:&quot;Llena de energ\u00eda las bater\u00edas m\u00e1s usadas en casa y oficina y no dejes tus aparatos sin funcionar.\\nTiene luces LED que te indica que el cargador est\u00e1 en funcionamiento\\nCompatible con pilas de n\u00edquel-metal y n\u00edquel-cadmio\\nTiene clavija abatible y tama\u00f1o compacto para guardarlo f\u00e1cil\\n\\nRecarga bater\u00edas \u201cAA\u201d y \u201cAAA\u201d con este cargador, compatible con pilas de composici\u00f3n n\u00edquel-metal (Ni-MH) y n\u00edquel-cadmio (Ni-Cd).\\n\\nTiene 4 indicadores LED de funcionamiento que encienden al colocar el par de bater\u00edas para recargar (La recarga debe ser en pares y con pilas del mismo tipo \u201cAA\u201d o \u201cAAA\u201d).\\n\\nTambi\u00e9n incorpora clavija abatible para guardarlo y transportarlo f\u00e1cilmente.\\nIncluye 4 bater\u00edas \u201cAAA\u201d de 600 mAh.\\n\\nAl utilizar bater\u00edas recargables ayudas al medio ambiente y adem\u00e1s ahorras dinero al no gastar continuamente en pilas.\\n\\nFicha t\u00e9cnica:\\n-Tama\u00f1o compacto y ligero\\n-Compatible con bater\u00edas NiCd\\n-Entrada: 100 Vca 60HZ 150mA\\n-Salida: 4 x (2,7 V--- 240 mA m\u00e1x.) para bater\u00edas AAA\\n-Consumo: 8 W\/h\\n-Consumo en espera: &lt;0,5 W\/h\\n-Bater\u00edas incluidas: 4 *1,2 V 600 mAh\\n-Temperatura de operaci\u00f3n: 0 \u2013 35\u00b0C\\n-Temperatura de almacenamiento: -25 \u00b0C a 60 \u00b0C\\n-Humedad relativa:&lt;95% no condensada&quot;}\" data-sheets-userformat=\"{&quot;2&quot;:13249,&quot;3&quot;:{&quot;1&quot;:0},&quot;9&quot;:0,&quot;10&quot;:0,&quot;11&quot;:3,&quot;12&quot;:0,&quot;15&quot;:&quot;Calibri&quot;,&quot;16&quot;:12}\">Tiene luces LED que te indica que el cargador est\u00e1 en funcionamiento<\/span><\/li>\n<li><span data-sheets-root=\"1\" data-sheets-value=\"{&quot;1&quot;:2,&quot;2&quot;:&quot;Llena de energ\u00eda las bater\u00edas m\u00e1s usadas en casa y oficina y no dejes tus aparatos sin funcionar.\\nTiene luces LED que te indica que el cargador est\u00e1 en funcionamiento\\nCompatible con pilas de n\u00edquel-metal y n\u00edquel-cadmio\\nTiene clavija abatible y tama\u00f1o compacto para guardarlo f\u00e1cil\\n\\nRecarga bater\u00edas \u201cAA\u201d y \u201cAAA\u201d con este cargador, compatible con pilas de composici\u00f3n n\u00edquel-metal (Ni-MH) y n\u00edquel-cadmio (Ni-Cd).\\n\\nTiene 4 indicadores LED de funcionamiento que encienden al colocar el par de bater\u00edas para recargar (La recarga debe ser en pares y con pilas del mismo tipo \u201cAA\u201d o \u201cAAA\u201d).\\n\\nTambi\u00e9n incorpora clavija abatible para guardarlo y transportarlo f\u00e1cilmente.\\nIncluye 4 bater\u00edas \u201cAAA\u201d de 600 mAh.\\n\\nAl utilizar bater\u00edas recargables ayudas al medio ambiente y adem\u00e1s ahorras dinero al no gastar continuamente en pilas.\\n\\nFicha t\u00e9cnica:\\n-Tama\u00f1o compacto y ligero\\n-Compatible con bater\u00edas NiCd\\n-Entrada: 100 Vca 60HZ 150mA\\n-Salida: 4 x (2,7 V--- 240 mA m\u00e1x.) para bater\u00edas AAA\\n-Consumo: 8 W\/h\\n-Consumo en espera: &lt;0,5 W\/h\\n-Bater\u00edas incluidas: 4 *1,2 V 600 mAh\\n-Temperatura de operaci\u00f3n: 0 \u2013 35\u00b0C\\n-Temperatura de almacenamiento: -25 \u00b0C a 60 \u00b0C\\n-Humedad relativa:&lt;95% no condensada&quot;}\" data-sheets-userformat=\"{&quot;2&quot;:13249,&quot;3&quot;:{&quot;1&quot;:0},&quot;9&quot;:0,&quot;10&quot;:0,&quot;11&quot;:3,&quot;12&quot;:0,&quot;15&quot;:&quot;Calibri&quot;,&quot;16&quot;:12}\">Compatible con pilas de n\u00edquel-metal y n\u00edquel-cadmio<\/span><\/li>\n<li><span data-sheets-root=\"1\" data-sheets-value=\"{&quot;1&quot;:2,&quot;2&quot;:&quot;Llena de energ\u00eda las bater\u00edas m\u00e1s usadas en casa y oficina y no dejes tus aparatos sin funcionar.\\nTiene luces LED que te indica que el cargador est\u00e1 en funcionamiento\\nCompatible con pilas de n\u00edquel-metal y n\u00edquel-cadmio\\nTiene clavija abatible y tama\u00f1o compacto para guardarlo f\u00e1cil\\n\\nRecarga bater\u00edas \u201cAA\u201d y \u201cAAA\u201d con este cargador, compatible con pilas de composici\u00f3n n\u00edquel-metal (Ni-MH) y n\u00edquel-cadmio (Ni-Cd).\\n\\nTiene 4 indicadores LED de funcionamiento que encienden al colocar el par de bater\u00edas para recargar (La recarga debe ser en pares y con pilas del mismo tipo \u201cAA\u201d o \u201cAAA\u201d).\\n\\nTambi\u00e9n incorpora clavija abatible para guardarlo y transportarlo f\u00e1cilmente.\\nIncluye 4 bater\u00edas \u201cAAA\u201d de 600 mAh.\\n\\nAl utilizar bater\u00edas recargables ayudas al medio ambiente y adem\u00e1s ahorras dinero al no gastar continuamente en pilas.\\n\\nFicha t\u00e9cnica:\\n-Tama\u00f1o compacto y ligero\\n-Compatible con bater\u00edas NiCd\\n-Entrada: 100 Vca 60HZ 150mA\\n-Salida: 4 x (2,7 V--- 240 mA m\u00e1x.) para bater\u00edas AAA\\n-Consumo: 8 W\/h\\n-Consumo en espera: &lt;0,5 W\/h\\n-Bater\u00edas incluidas: 4 *1,2 V 600 mAh\\n-Temperatura de operaci\u00f3n: 0 \u2013 35\u00b0C\\n-Temperatura de almacenamiento: -25 \u00b0C a 60 \u00b0C\\n-Humedad relativa:&lt;95% no condensada&quot;}\" data-sheets-userformat=\"{&quot;2&quot;:13249,&quot;3&quot;:{&quot;1&quot;:0},&quot;9&quot;:0,&quot;10&quot;:0,&quot;11&quot;:3,&quot;12&quot;:0,&quot;15&quot;:&quot;Calibri&quot;,&quot;16&quot;:12}\">Tiene clavija abatible y tama\u00f1o compacto para guardarlo f\u00e1cil<\/span><\/li>\n<li><span data-sheets-root=\"1\" data-sheets-value=\"{&quot;1&quot;:2,&quot;2&quot;:&quot;Llena de energ\u00eda las bater\u00edas m\u00e1s usadas en casa y oficina y no dejes tus aparatos sin funcionar.\\nTiene luces LED que te indica que el cargador est\u00e1 en funcionamiento\\nCompatible con pilas de n\u00edquel-metal y n\u00edquel-cadmio\\nTiene clavija abatible y tama\u00f1o compacto para guardarlo f\u00e1cil\\n\\nRecarga bater\u00edas \u201cAA\u201d y \u201cAAA\u201d con este cargador, compatible con pilas de composici\u00f3n n\u00edquel-metal (Ni-MH) y n\u00edquel-cadmio (Ni-Cd).\\n\\nTiene 4 indicadores LED de funcionamiento que encienden al colocar el par de bater\u00edas para recargar (La recarga debe ser en pares y con pilas del mismo tipo \u201cAA\u201d o \u201cAAA\u201d).\\n\\nTambi\u00e9n incorpora clavija abatible para guardarlo y transportarlo f\u00e1cilmente.\\nIncluye 4 bater\u00edas \u201cAAA\u201d de 600 mAh.\\n\\nAl utilizar bater\u00edas recargables ayudas al medio ambiente y adem\u00e1s ahorras dinero al no gastar continuamente en pilas.\\n\\nFicha t\u00e9cnica:\\n-Tama\u00f1o compacto y ligero\\n-Compatible con bater\u00edas NiCd\\n-Entrada: 100 Vca 60HZ 150mA\\n-Salida: 4 x (2,7 V--- 240 mA m\u00e1x.) para bater\u00edas AAA\\n-Consumo: 8 W\/h\\n-Consumo en espera: &lt;0,5 W\/h\\n-Bater\u00edas incluidas: 4 *1,2 V 600 mAh\\n-Temperatura de operaci\u00f3n: 0 \u2013 35\u00b0C\\n-Temperatura de almacenamiento: -25 \u00b0C a 60 \u00b0C\\n-Humedad relativa:&lt;95% no condensada&quot;}\" data-sheets-userformat=\"{&quot;2&quot;:13249,&quot;3&quot;:{&quot;1&quot;:0},&quot;9&quot;:0,&quot;10&quot;:0,&quot;11&quot;:3,&quot;12&quot;:0,&quot;15&quot;:&quot;Calibri&quot;,&quot;16&quot;:12}\">Recarga bater\u00edas \u201cAA\u201d y \u201cAAA\u201d con este cargador, compatible con pilas de composici\u00f3n n\u00edquel-metal (Ni-MH) y n\u00edquel-cadmio (Ni-Cd).<\/span><\/li>\n<li><span data-sheets-root=\"1\" data-sheets-value=\"{&quot;1&quot;:2,&quot;2&quot;:&quot;Llena de energ\u00eda las bater\u00edas m\u00e1s usadas en casa y oficina y no dejes tus aparatos sin funcionar.\\nTiene luces LED que te indica que el cargador est\u00e1 en funcionamiento\\nCompatible con pilas de n\u00edquel-metal y n\u00edquel-cadmio\\nTiene clavija abatible y tama\u00f1o compacto para guardarlo f\u00e1cil\\n\\nRecarga bater\u00edas \u201cAA\u201d y \u201cAAA\u201d con este cargador, compatible con pilas de composici\u00f3n n\u00edquel-metal (Ni-MH) y n\u00edquel-cadmio (Ni-Cd).\\n\\nTiene 4 indicadores LED de funcionamiento que encienden al colocar el par de bater\u00edas para recargar (La recarga debe ser en pares y con pilas del mismo tipo \u201cAA\u201d o \u201cAAA\u201d).\\n\\nTambi\u00e9n incorpora clavija abatible para guardarlo y transportarlo f\u00e1cilmente.\\nIncluye 4 bater\u00edas \u201cAAA\u201d de 600 mAh.\\n\\nAl utilizar bater\u00edas recargables ayudas al medio ambiente y adem\u00e1s ahorras dinero al no gastar continuamente en pilas.\\n\\nFicha t\u00e9cnica:\\n-Tama\u00f1o compacto y ligero\\n-Compatible con bater\u00edas NiCd\\n-Entrada: 100 Vca 60HZ 150mA\\n-Salida: 4 x (2,7 V--- 240 mA m\u00e1x.) para bater\u00edas AAA\\n-Consumo: 8 W\/h\\n-Consumo en espera: &lt;0,5 W\/h\\n-Bater\u00edas incluidas: 4 *1,2 V 600 mAh\\n-Temperatura de operaci\u00f3n: 0 \u2013 35\u00b0C\\n-Temperatura de almacenamiento: -25 \u00b0C a 60 \u00b0C\\n-Humedad relativa:&lt;95% no condensada&quot;}\" data-sheets-userformat=\"{&quot;2&quot;:13249,&quot;3&quot;:{&quot;1&quot;:0},&quot;9&quot;:0,&quot;10&quot;:0,&quot;11&quot;:3,&quot;12&quot;:0,&quot;15&quot;:&quot;Calibri&quot;,&quot;16&quot;:12}\">Tiene 4 indicadores LED de funcionamiento que encienden al colocar el par de bater\u00edas para recargar (La recarga debe ser en pares y con pilas del mismo tipo \u201cAA\u201d o \u201cAAA\u201d).<\/span><\/li>\n<li><span data-sheets-root=\"1\" data-sheets-value=\"{&quot;1&quot;:2,&quot;2&quot;:&quot;Llena de energ\u00eda las bater\u00edas m\u00e1s usadas en casa y oficina y no dejes tus aparatos sin funcionar.\\nTiene luces LED que te indica que el cargador est\u00e1 en funcionamiento\\nCompatible con pilas de n\u00edquel-metal y n\u00edquel-cadmio\\nTiene clavija abatible y tama\u00f1o compacto para guardarlo f\u00e1cil\\n\\nRecarga bater\u00edas \u201cAA\u201d y \u201cAAA\u201d con este cargador, compatible con pilas de composici\u00f3n n\u00edquel-metal (Ni-MH) y n\u00edquel-cadmio (Ni-Cd).\\n\\nTiene 4 indicadores LED de funcionamiento que encienden al colocar el par de bater\u00edas para recargar (La recarga debe ser en pares y con pilas del mismo tipo \u201cAA\u201d o \u201cAAA\u201d).\\n\\nTambi\u00e9n incorpora clavija abatible para guardarlo y transportarlo f\u00e1cilmente.\\nIncluye 4 bater\u00edas \u201cAAA\u201d de 600 mAh.\\n\\nAl utilizar bater\u00edas recargables ayudas al medio ambiente y adem\u00e1s ahorras dinero al no gastar continuamente en pilas.\\n\\nFicha t\u00e9cnica:\\n-Tama\u00f1o compacto y ligero\\n-Compatible con bater\u00edas NiCd\\n-Entrada: 100 Vca 60HZ 150mA\\n-Salida: 4 x (2,7 V--- 240 mA m\u00e1x.) para bater\u00edas AAA\\n-Consumo: 8 W\/h\\n-Consumo en espera: &lt;0,5 W\/h\\n-Bater\u00edas incluidas: 4 *1,2 V 600 mAh\\n-Temperatura de operaci\u00f3n: 0 \u2013 35\u00b0C\\n-Temperatura de almacenamiento: -25 \u00b0C a 60 \u00b0C\\n-Humedad relativa:&lt;95% no condensada&quot;}\" data-sheets-userformat=\"{&quot;2&quot;:13249,&quot;3&quot;:{&quot;1&quot;:0},&quot;9&quot;:0,&quot;10&quot;:0,&quot;11&quot;:3,&quot;12&quot;:0,&quot;15&quot;:&quot;Calibri&quot;,&quot;16&quot;:12}\">Tambi\u00e9n incorpora clavija abatible para guardarlo y transportarlo f\u00e1cilmente.<\/span><\/li>\n<\/ul>\n<p><span data-sheets-root=\"1\" data-sheets-value=\"{&quot;1&quot;:2,&quot;2&quot;:&quot;Llena de energ\u00eda las bater\u00edas m\u00e1s usadas en casa y oficina y no dejes tus aparatos sin funcionar.\\nTiene luces LED que te indica que el cargador est\u00e1 en funcionamiento\\nCompatible con pilas de n\u00edquel-metal y n\u00edquel-cadmio\\nTiene clavija abatible y tama\u00f1o compacto para guardarlo f\u00e1cil\\n\\nRecarga bater\u00edas \u201cAA\u201d y \u201cAAA\u201d con este cargador, compatible con pilas de composici\u00f3n n\u00edquel-metal (Ni-MH) y n\u00edquel-cadmio (Ni-Cd).\\n\\nTiene 4 indicadores LED de funcionamiento que encienden al colocar el par de bater\u00edas para recargar (La recarga debe ser en pares y con pilas del mismo tipo \u201cAA\u201d o \u201cAAA\u201d).\\n\\nTambi\u00e9n incorpora clavija abatible para guardarlo y transportarlo f\u00e1cilmente.\\nIncluye 4 bater\u00edas \u201cAAA\u201d de 600 mAh.\\n\\nAl utilizar bater\u00edas recargables ayudas al medio ambiente y adem\u00e1s ahorras dinero al no gastar continuamente en pilas.\\n\\nFicha t\u00e9cnica:\\n-Tama\u00f1o compacto y ligero\\n-Compatible con bater\u00edas NiCd\\n-Entrada: 100 Vca 60HZ 150mA\\n-Salida: 4 x (2,7 V--- 240 mA m\u00e1x.) para bater\u00edas AAA\\n-Consumo: 8 W\/h\\n-Consumo en espera: &lt;0,5 W\/h\\n-Bater\u00edas incluidas: 4 *1,2 V 600 mAh\\n-Temperatura de operaci\u00f3n: 0 \u2013 35\u00b0C\\n-Temperatura de almacenamiento: -25 \u00b0C a 60 \u00b0C\\n-Humedad relativa:&lt;95% no condensada&quot;}\" data-sheets-userformat=\"{&quot;2&quot;:13249,&quot;3&quot;:{&quot;1&quot;:0},&quot;9&quot;:0,&quot;10&quot;:0,&quot;11&quot;:3,&quot;12&quot;:0,&quot;15&quot;:&quot;Calibri&quot;,&quot;16&quot;:12}\">Incluye 4 bater\u00edas \u201cAAA\u201d de 600 mAh.<\/span><\/p>\n<p>Al utilizar bater\u00edas recargables ayudas al medio ambiente y adem\u00e1s ahorras dinero al no gastar continuamente en pilas.<\/p>\n<p><span data-sheets-root=\"1\" data-sheets-value=\"{&quot;1&quot;:2,&quot;2&quot;:&quot;Llena de energ\u00eda las bater\u00edas m\u00e1s usadas en casa y oficina y no dejes tus aparatos sin funcionar.\\nTiene luces LED que te indica que el cargador est\u00e1 en funcionamiento\\nCompatible con pilas de n\u00edquel-metal y n\u00edquel-cadmio\\nTiene clavija abatible y tama\u00f1o compacto para guardarlo f\u00e1cil\\n\\nRecarga bater\u00edas \u201cAA\u201d y \u201cAAA\u201d con este cargador, compatible con pilas de composici\u00f3n n\u00edquel-metal (Ni-MH) y n\u00edquel-cadmio (Ni-Cd).\\n\\nTiene 4 indicadores LED de funcionamiento que encienden al colocar el par de bater\u00edas para recargar (La recarga debe ser en pares y con pilas del mismo tipo \u201cAA\u201d o \u201cAAA\u201d).\\n\\nTambi\u00e9n incorpora clavija abatible para guardarlo y transportarlo f\u00e1cilmente.\\nIncluye 4 bater\u00edas \u201cAAA\u201d de 600 mAh.\\n\\nAl utilizar bater\u00edas recargables ayudas al medio ambiente y adem\u00e1s ahorras dinero al no gastar continuamente en pilas.\\n\\nFicha t\u00e9cnica:\\n-Tama\u00f1o compacto y ligero\\n-Compatible con bater\u00edas NiCd\\n-Entrada: 100 Vca 60HZ 150mA\\n-Salida: 4 x (2,7 V--- 240 mA m\u00e1x.) para bater\u00edas AAA\\n-Consumo: 8 W\/h\\n-Consumo en espera: &lt;0,5 W\/h\\n-Bater\u00edas incluidas: 4 *1,2 V 600 mAh\\n-Temperatura de operaci\u00f3n: 0 \u2013 35\u00b0C\\n-Temperatura de almacenamiento: -25 \u00b0C a 60 \u00b0C\\n-Humedad relativa:&lt;95% no condensada&quot;}\" data-sheets-userformat=\"{&quot;2&quot;:13249,&quot;3&quot;:{&quot;1&quot;:0},&quot;9&quot;:0,&quot;10&quot;:0,&quot;11&quot;:3,&quot;12&quot;:0,&quot;15&quot;:&quot;Calibri&quot;,&quot;16&quot;:12}\"><br \/>\n<strong>Ficha t\u00e9cnica:<\/strong><\/span><\/p>\n<p><span data-sheets-root=\"1\" data-sheets-value=\"{&quot;1&quot;:2,&quot;2&quot;:&quot;Llena de energ\u00eda las bater\u00edas m\u00e1s usadas en casa y oficina y no dejes tus aparatos sin funcionar.\\nTiene luces LED que te indica que el cargador est\u00e1 en funcionamiento\\nCompatible con pilas de n\u00edquel-metal y n\u00edquel-cadmio\\nTiene clavija abatible y tama\u00f1o compacto para guardarlo f\u00e1cil\\n\\nRecarga bater\u00edas \u201cAA\u201d y \u201cAAA\u201d con este cargador, compatible con pilas de composici\u00f3n n\u00edquel-metal (Ni-MH) y n\u00edquel-cadmio (Ni-Cd).\\n\\nTiene 4 indicadores LED de funcionamiento que encienden al colocar el par de bater\u00edas para recargar (La recarga debe ser en pares y con pilas del mismo tipo \u201cAA\u201d o \u201cAAA\u201d).\\n\\nTambi\u00e9n incorpora clavija abatible para guardarlo y transportarlo f\u00e1cilmente.\\nIncluye 4 bater\u00edas \u201cAAA\u201d de 600 mAh.\\n\\nAl utilizar bater\u00edas recargables ayudas al medio ambiente y adem\u00e1s ahorras dinero al no gastar continuamente en pilas.\\n\\nFicha t\u00e9cnica:\\n-Tama\u00f1o compacto y ligero\\n-Compatible con bater\u00edas NiCd\\n-Entrada: 100 Vca 60HZ 150mA\\n-Salida: 4 x (2,7 V--- 240 mA m\u00e1x.) para bater\u00edas AAA\\n-Consumo: 8 W\/h\\n-Consumo en espera: &lt;0,5 W\/h\\n-Bater\u00edas incluidas: 4 *1,2 V 600 mAh\\n-Temperatura de operaci\u00f3n: 0 \u2013 35\u00b0C\\n-Temperatura de almacenamiento: -25 \u00b0C a 60 \u00b0C\\n-Humedad relativa:&lt;95% no condensada&quot;}\" data-sheets-userformat=\"{&quot;2&quot;:13249,&quot;3&quot;:{&quot;1&quot;:0},&quot;9&quot;:0,&quot;10&quot;:0,&quot;11&quot;:3,&quot;12&quot;:0,&quot;15&quot;:&quot;Calibri&quot;,&quot;16&quot;:12}\"><br \/>\n-Tama\u00f1o compacto y ligero<br \/>\n-Compatible con bater\u00edas NiCd<br \/>\n-Entrada: 100 Vca 60HZ 150mA<br \/>\n-Salida: 4 x (2,7 V&#8212; 240 mA m\u00e1x.) para bater\u00edas AAA<br \/>\n-Consumo: 8 W\/h<br \/>\n-Consumo en espera: &lt;0,5 W\/h<br \/>\n-Bater\u00edas incluidas: 4 *1,2 V 600 mAh<br \/>\n-Temperatura de operaci\u00f3n: 0 \u2013 35\u00b0C<br \/>\n-Temperatura de almacenamiento: -25 \u00b0C a 60 \u00b0C<br \/>\n-Humedad relativa:&lt;95% no condensada<\/span><\/p>\n<div id=\"gtx-trans\" style=\"position: absolute; left: -3px; top: 47.8px;\">\n<div class=\"gtx-trans-icon\"><\/div>\n<\/div>\n","protected":false},"excerpt":{"rendered":"<p style=\"text-align: center;\">Cargador De Pilas |\u00a0 Baterias AA\u00a0 AAA | 4 Pilas AAA Recargables<\/p>\n","protected":false},"featured_media":4736,"comment_status":"closed","ping_status":"closed","template":"","meta":{"_joinchat":[]},"product_cat":[241,59],"product_tag":[],"class_list":{"0":"post-4433","1":"product","2":"type-product","3":"status-publish","4":"has-post-thumbnail","6":"product_cat-241","7":"product_cat-hogar","9":"first","10":"instock","11":"sale","12":"shipping-taxable","13":"purchasable","14":"product-type-simple"},"_links":{"self":[{"href":"https:\/\/bereketshop.com.mx\/index.php\/wp-json\/wp\/v2\/product\/4433","targetHints":{"allow":["GET"]}}],"collection":[{"href":"https:\/\/bereketshop.com.mx\/index.php\/wp-json\/wp\/v2\/product"}],"about":[{"href":"https:\/\/bereketshop.com.mx\/index.php\/wp-json\/wp\/v2\/types\/product"}],"replies":[{"embeddable":true,"href":"https:\/\/bereketshop.com.mx\/index.php\/wp-json\/wp\/v2\/comments?post=4433"}],"wp:featuredmedia":[{"embeddable":true,"href":"https:\/\/bereketshop.com.mx\/index.php\/wp-json\/wp\/v2\/media\/4736"}],"wp:attachment":[{"href":"https:\/\/bereketshop.com.mx\/index.php\/wp-json\/wp\/v2\/media?parent=4433"}],"wp:term":[{"taxonomy":"product_cat","embeddable":true,"href":"https:\/\/bereketshop.com.mx\/index.php\/wp-json\/wp\/v2\/product_cat?post=4433"},{"taxonomy":"product_tag","embeddable":true,"href":"https:\/\/bereketshop.com.mx\/index.php\/wp-json\/wp\/v2\/product_tag?post=4433"}],"curies":[{"name":"wp","href":"https:\/\/api.w.org\/{rel}","templated":true}]}}