{"id":4447,"date":"2023-11-05T17:16:12","date_gmt":"2023-11-05T16:16:12","guid":{"rendered":"https:\/\/sitio.bereketshop.com.mx\/?post_type=product&#038;p=4447"},"modified":"2024-11-09T01:06:13","modified_gmt":"2024-11-09T00:06:13","slug":"autobus-de-herramientas","status":"publish","type":"product","link":"https:\/\/bereketshop.com.mx\/index.php\/product\/autobus-de-herramientas\/","title":{"rendered":"Autob\u00fas De Herramientas Para Ni\u00f1os Multifuncional 3 En 1"},"content":{"rendered":"<h5>CARACTERISTICAS:<\/h5>\n<p>Incre\u00edble Set Para Ni\u00f1os y Ni\u00f1as Que Gusten De Reparar Y\/O Arreglar Como Lo Hace Pap\u00e1 y Mam\u00e1<\/p>\n<p>Es Un Set 3 En 1 Ya Que El Ni\u00f1o Puede Jugar Con Las Herramientas En Dos Niveles Distintos, Y Al Cerrar Todo El Empaque Puede Jugar Con La Maleta En Forma De Autob\u00fas<\/p>\n<p>Recomendado Para Ni\u00f1os De 3 A\u00f1os En Adelante<\/p>\n<p>No T\u00f3xico y Pr\u00e1ctico<\/p>\n<p>Incluye 59 Piezas: Entre Desatornillador Plano, Desatornillador De Cruz, Martillo, Llave, Tornillos, Tuerca, Engranes y M\u00e1s Para Que El Peque\u00f1o Pase Horas De Diversi\u00f3n<\/p>\n<p>No Usa Bater\u00edas<\/p>\n<p>Peso Del Paquete: 1 kg<\/p>\n<p>Tama\u00f1o Del Set Armado: 44*33*16 cm<\/p>\n<p>Tama\u00f1o Del Paquete: 26*13*18.5 cm<\/p>\n<p>Env\u00edo Inmediato a Toda La republica Mexicana!!<\/p>\n","protected":false},"excerpt":{"rendered":"<p style=\"text-align: center;\"><span data-sheets-root=\"1\" data-sheets-value=\"{&quot;1&quot;:2,&quot;2&quot;:&quot;Autob\u00fas De Herramientas Para Ni\u00f1os Multifuncional 3 En 1&quot;}\" data-sheets-userformat=\"{&quot;2&quot;:12737,&quot;3&quot;:{&quot;1&quot;:0,&quot;3&quot;:1},&quot;9&quot;:0,&quot;10&quot;:0,&quot;11&quot;:3,&quot;15&quot;:&quot;Calibri&quot;,&quot;16&quot;:12}\">Autob\u00fas De Herramientas Para Ni\u00f1os | Multifuncional\u00a0 | 3 En 1 | <\/span>Incre\u00edble Set Para Ni\u00f1os y Ni\u00f1as | Que Gusten De Reparar | Arreglar | Como Lo Hace Pap\u00e1 y Mam\u00e1 | Incluye 59 Piezas.<\/p>\n","protected":false},"featured_media":4605,"comment_status":"closed","ping_status":"closed","template":"","meta":{"_joinchat":[]},"product_cat":[240,99],"product_tag":[],"class_list":{"0":"post-4447","1":"product","2":"type-product","3":"status-publish","4":"has-post-thumbnail","6":"product_cat-240","7":"product_cat-juguetes","9":"first","10":"instock","11":"sale","12":"shipping-taxable","13":"purchasable","14":"product-type-simple"},"_links":{"self":[{"href":"https:\/\/bereketshop.com.mx\/index.php\/wp-json\/wp\/v2\/product\/4447","targetHints":{"allow":["GET"]}}],"collection":[{"href":"https:\/\/bereketshop.com.mx\/index.php\/wp-json\/wp\/v2\/product"}],"about":[{"href":"https:\/\/bereketshop.com.mx\/index.php\/wp-json\/wp\/v2\/types\/product"}],"replies":[{"embeddable":true,"href":"https:\/\/bereketshop.com.mx\/index.php\/wp-json\/wp\/v2\/comments?post=4447"}],"wp:featuredmedia":[{"embeddable":true,"href":"https:\/\/bereketshop.com.mx\/index.php\/wp-json\/wp\/v2\/media\/4605"}],"wp:attachment":[{"href":"https:\/\/bereketshop.com.mx\/index.php\/wp-json\/wp\/v2\/media?parent=4447"}],"wp:term":[{"taxonomy":"product_cat","embeddable":true,"href":"https:\/\/bereketshop.com.mx\/index.php\/wp-json\/wp\/v2\/product_cat?post=4447"},{"taxonomy":"product_tag","embeddable":true,"href":"https:\/\/bereketshop.com.mx\/index.php\/wp-json\/wp\/v2\/product_tag?post=4447"}],"curies":[{"name":"wp","href":"https:\/\/api.w.org\/{rel}","templated":true}]}}