{"id":4474,"date":"2023-11-05T17:16:18","date_gmt":"2023-11-05T16:16:18","guid":{"rendered":"https:\/\/sitio.bereketshop.com.mx\/?post_type=product&#038;p=4474"},"modified":"2024-09-20T00:36:56","modified_gmt":"2024-09-19T22:36:56","slug":"mini-impresora","status":"publish","type":"product","link":"https:\/\/bereketshop.com.mx\/index.php\/product\/mini-impresora\/","title":{"rendered":"Mini Impresora Con Cable USB"},"content":{"rendered":"<h5>CARACTERISTICAS:<\/h5>\n<p>Cabezal de impresi\u00f3n de alta resoluci\u00f3n de 200 ppp con una velocidad de impresi\u00f3n de 10 mm\/s para una impresi\u00f3n clara y un rendimiento estable.<br \/>\nSoporta una variedad de funciones para imprimir fotos, etiquetas, mensajes, listas, registros, c\u00f3digos qr, impresi\u00f3n web y otras aplicaciones tambi\u00e9n. La aplicaci\u00f3n cuenta con una variedad de fuentes y temas para dar estilo a tus fotos.<br \/>\nCon una bater\u00eda recargable de 1000mah incorporada, funciona con poco ruido y la impresora t\u00e9rmica no requiere tinta para su uso y tiene bajos costes de funcionamiento.<br \/>\nRegistra tu vida, imprime los paisajes que ves, graba tus dulces nadas, recoge los ejercicios que hiciste mal, divertidos y pr\u00e1cticos.<br \/>\nTama\u00f1o ligero y compacto para facilitar su transporte.<\/p>\n<p><strong>Especificaciones.<\/strong><br \/>\nColor: Azul o Rosa<br \/>\nMaterial: ABS + PC<br \/>\nTipo de papel: Papel<br \/>\nConexi\u00f3n t\u00e9rmica: BT\/USB<br \/>\nEntrada de conexi\u00f3n: 5V, 2A<br \/>\nBater\u00eda: 3,7v, 1000mah<br \/>\nAncho del papel: 57 mm<br \/>\nDi\u00e1metro de la bobina: 30 mm<br \/>\nResoluci\u00f3n: 200 ppp<br \/>\nversi\u00f3n bt: 4.0<\/p>\n<p>El paquete incluye.<br \/>\n1 * impresora<br \/>\n10 rollos impresi\u00f3n<br \/>\n1 cable usb<br \/>\n1 manual de usuario<br \/>\nColor: Azul<br \/>\nMaterial: pl\u00e1stico<br \/>\nFuente de alimentaci\u00f3n: Cable de Alimentaci\u00f3n USB<\/p>\n","protected":false},"excerpt":{"rendered":"<p style=\"text-align: center;\">Mini Impresora | Soporta Una Variedad De Funciones Para Imprimir\u00a0 | Fotos | Etiquetas | Mensajes | Listas | Registros | C\u00f3digos QR | Impresi\u00f3n Web | Con una bater\u00eda recargable de 1000mah incorporada.<\/p>\n<div id=\"gtx-trans\" style=\"position: absolute; left: 171px; top: 37.8px;\">\n<div class=\"gtx-trans-icon\"><\/div>\n<\/div>\n","protected":false},"featured_media":4551,"comment_status":"closed","ping_status":"closed","template":"","meta":{"_joinchat":[]},"product_cat":[255,99],"product_tag":[],"class_list":{"0":"post-4474","1":"product","2":"type-product","3":"status-publish","4":"has-post-thumbnail","6":"product_cat-255","7":"product_cat-juguetes","9":"first","10":"instock","11":"sale","12":"shipping-taxable","13":"purchasable","14":"product-type-variable"},"_links":{"self":[{"href":"https:\/\/bereketshop.com.mx\/index.php\/wp-json\/wp\/v2\/product\/4474","targetHints":{"allow":["GET"]}}],"collection":[{"href":"https:\/\/bereketshop.com.mx\/index.php\/wp-json\/wp\/v2\/product"}],"about":[{"href":"https:\/\/bereketshop.com.mx\/index.php\/wp-json\/wp\/v2\/types\/product"}],"replies":[{"embeddable":true,"href":"https:\/\/bereketshop.com.mx\/index.php\/wp-json\/wp\/v2\/comments?post=4474"}],"wp:featuredmedia":[{"embeddable":true,"href":"https:\/\/bereketshop.com.mx\/index.php\/wp-json\/wp\/v2\/media\/4551"}],"wp:attachment":[{"href":"https:\/\/bereketshop.com.mx\/index.php\/wp-json\/wp\/v2\/media?parent=4474"}],"wp:term":[{"taxonomy":"product_cat","embeddable":true,"href":"https:\/\/bereketshop.com.mx\/index.php\/wp-json\/wp\/v2\/product_cat?post=4474"},{"taxonomy":"product_tag","embeddable":true,"href":"https:\/\/bereketshop.com.mx\/index.php\/wp-json\/wp\/v2\/product_tag?post=4474"}],"curies":[{"name":"wp","href":"https:\/\/api.w.org\/{rel}","templated":true}]}}