{"id":4491,"date":"2023-11-05T17:16:19","date_gmt":"2023-11-05T16:16:19","guid":{"rendered":"https:\/\/sitio.bereketshop.com.mx\/?post_type=product&#038;p=4491"},"modified":"2024-09-20T00:29:21","modified_gmt":"2024-09-19T22:29:21","slug":"set-de-149-piezas","status":"publish","type":"product","link":"https:\/\/bereketshop.com.mx\/index.php\/product\/set-de-149-piezas\/","title":{"rendered":"Juego Magn\u00e9tico Set de 64 piezas"},"content":{"rendered":"<p><b>CARACTER\u00cdSTICAS<\/b><strong>:<\/strong><\/p>\n<p><strong><em>PRODUCTO:<\/em><\/strong><\/p>\n<p>Edificio Geom\u00e9trico Armable Magn\u00e9tico para Ni\u00f1os<br \/>\nJuego de 64 piezas: Nuevo dise\u00f1o de actualizaci\u00f3n, azulejos magn\u00e9ticos + bola colorida que se enrolla hacia arriba y hacia abajo a trav\u00e9s de la pista r\u00e1pidamente.<\/p>\n<p>Los ni\u00f1os pueden utilizar piezas magn\u00e9ticas vibrantes y coloridas para construir lo que imaginan.<\/p>\n<p>Tanto el juego como los juguetes le ayudan a conocerse y a desarrollar su personalidad en \u00e1reas como la afectividad, motricidad, inteligencia, creatividad y la sociabilidad.<\/p>\n<p><em><strong>Desarrollo cerebral infantil:<\/strong><\/em> Promueve habilidades de resoluci\u00f3n de problemas, coordinaci\u00f3n ojo-mano y entrena habilidades motoras finas.<\/p>\n<p>El juego de bloques de construcci\u00f3n de juguete de carreras de m\u00e1rmol cuenta con azulejos de color transl\u00facidos magnetizados de conexi\u00f3n r\u00e1pida para permitir que los ni\u00f1os junten f\u00e1cilmente las piezas para crear los dise\u00f1os de su propia obra maestra simplemente utilizando las leyes de la f\u00edsica, la gravedad, el poder cerebral, la imaginaci\u00f3n y el poder de los imanes.<\/p>\n<p><em><strong>Alta calidad y seguridad:<\/strong><\/em> Hecho de pl\u00e1stico ABS no t\u00f3xico y duradero. Dise\u00f1o de borde redondo sin nitidez, no te preocupes por lastimar las manos de tus hijos. Los imanes son lo suficientemente fuertes como para soportar castillo alto. Las diferentes formas permiten la m\u00e1xima creatividad y atraen a una amplia gama de grupos de edad.<\/p>\n<p><em><strong>Juguetes de entretenimiento aptos para fiestas individuales o m\u00faltiples :<\/strong><\/em> Disfruta de la alegr\u00eda de este juego de fichas magn\u00e9ticas 3D con tu familia. Los ni\u00f1os pueden hacer sus propias estructuras y obtener una sensaci\u00f3n de logro o jugar las fichas magn\u00e9ticas con la familia y disfrutar de la felicidad juntos. Estos juguetes magn\u00e9ticos de aprendizaje se pueden jugar en casa, en el jard\u00edn de infantes, en la guarder\u00eda, en el preescolar, etc.<\/p>\n<p><em><strong>Regalo perfecto para ni\u00f1os:<\/strong><\/em> Este juego viene con una caja que puede ayudarte a guardar las piezas. Los ni\u00f1os pueden sacarlo f\u00e1cilmente donde quiera que vayan y dejar que construyan sus propios bloques de construcci\u00f3n. Los juguetes de baldosas magn\u00e9ticas son excelentes regalos de cumplea\u00f1os, regalos de Navidad o cualquier otra ocasi\u00f3n como regalo para ni\u00f1os y ni\u00f1as a partir de 3 a\u00f1os.<\/p>\n<p>Especificaci\u00f3n:<br \/>\nCantidad: 64 piezas<br \/>\nMaterial: pl\u00e1stico ABS + im\u00e1n natural.<\/p>\n","protected":false},"excerpt":{"rendered":"<p style=\"text-align: center;\"><span data-sheets-root=\"1\">Set de Juego Magn\u00e9tico | Bloques de Construcci\u00f3n Magn\u00e9ticos | Educativos para Ni\u00f1os y Ni\u00f1as|\u00a0 64 Piezas<\/span><\/p>\n","protected":false},"featured_media":6695,"comment_status":"closed","ping_status":"closed","template":"","meta":{"_joinchat":[]},"product_cat":[255,99],"product_tag":[],"class_list":{"0":"post-4491","1":"product","2":"type-product","3":"status-publish","4":"has-post-thumbnail","6":"product_cat-255","7":"product_cat-juguetes","9":"first","10":"instock","11":"sale","12":"shipping-taxable","13":"purchasable","14":"product-type-simple"},"_links":{"self":[{"href":"https:\/\/bereketshop.com.mx\/index.php\/wp-json\/wp\/v2\/product\/4491","targetHints":{"allow":["GET"]}}],"collection":[{"href":"https:\/\/bereketshop.com.mx\/index.php\/wp-json\/wp\/v2\/product"}],"about":[{"href":"https:\/\/bereketshop.com.mx\/index.php\/wp-json\/wp\/v2\/types\/product"}],"replies":[{"embeddable":true,"href":"https:\/\/bereketshop.com.mx\/index.php\/wp-json\/wp\/v2\/comments?post=4491"}],"wp:featuredmedia":[{"embeddable":true,"href":"https:\/\/bereketshop.com.mx\/index.php\/wp-json\/wp\/v2\/media\/6695"}],"wp:attachment":[{"href":"https:\/\/bereketshop.com.mx\/index.php\/wp-json\/wp\/v2\/media?parent=4491"}],"wp:term":[{"taxonomy":"product_cat","embeddable":true,"href":"https:\/\/bereketshop.com.mx\/index.php\/wp-json\/wp\/v2\/product_cat?post=4491"},{"taxonomy":"product_tag","embeddable":true,"href":"https:\/\/bereketshop.com.mx\/index.php\/wp-json\/wp\/v2\/product_tag?post=4491"}],"curies":[{"name":"wp","href":"https:\/\/api.w.org\/{rel}","templated":true}]}}