{"id":5069,"date":"2024-01-16T19:45:13","date_gmt":"2024-01-16T18:45:13","guid":{"rendered":"https:\/\/bereketshop.com.mx\/?post_type=product&#038;p=5069"},"modified":"2024-09-10T21:40:54","modified_gmt":"2024-09-10T19:40:54","slug":"mini-waflera-electrica-redondo-maquina-de-waffles","status":"publish","type":"product","link":"https:\/\/bereketshop.com.mx\/index.php\/product\/mini-waflera-electrica-redondo-maquina-de-waffles\/","title":{"rendered":"Mini Waflera Electrica Redondo M\u00e1quina De Waffles."},"content":{"rendered":"<h3><strong>CARACTER\u00cdSTICAS:<\/strong><\/h3>\n<p>1. Con revestimiento antiadherente en la superficie, es f\u00e1cil de desmoldar, conducir el calor r\u00e1pidamente y es f\u00e1cil de limpiar.<\/p>\n<p>2. Se puede utilizar para hacer waffles, pasteles, galletas, etc. para satisfacer sus necesidades de horneado de bricolaje.<\/p>\n<p>3. F\u00e1cil de usar, transferencia de calor r\u00e1pida, incluso calefacci\u00f3n, y le proporcionar\u00e1 un delicioso desayuno.<\/p>\n<p>4. Mini fabricante de gofres, adopta materiales de calidad alimentaria de alta calidad, duraderos y resistentes a altas temperaturas.<\/p>\n<p>5. Tama\u00f1o peque\u00f1o, f\u00e1cil de almacenar y transportar, adecuado para apartamentos, peque\u00f1as cocinas, dormitorios o viajes.<\/p>\n<h3>ESPECIFICACI\u00d3N:<\/h3>\n<p>Condici\u00f3n: 100% nuevo Material: ABS + planchar Voltaje nominal: US Plug 110V<\/p>\n<p>Tama\u00f1o del producto: 120 mm * 160 mm * 60 mm<\/p>\n<p>Tama\u00f1o m\u00e1ximo de gofre que se puede hacer: 10cm.<\/p>\n","protected":false},"excerpt":{"rendered":"<p style=\"text-align: center;\">Mini Waflera | Para Hacer Porciones Individuales | Para Huevos | Galletas | Panqueques | Queso A La Parrilla|\u00a0 Revolver | Fre\u00edr | Sin La Necesidad De M\u00faltiples Ollas |Sartenes.<\/p>\n","protected":false},"featured_media":5070,"comment_status":"open","ping_status":"closed","template":"","meta":{"_joinchat":[]},"product_cat":[241,59],"product_tag":[],"class_list":{"0":"post-5069","1":"product","2":"type-product","3":"status-publish","4":"has-post-thumbnail","6":"product_cat-241","7":"product_cat-hogar","9":"first","10":"instock","11":"shipping-taxable","12":"purchasable","13":"product-type-variable"},"_links":{"self":[{"href":"https:\/\/bereketshop.com.mx\/index.php\/wp-json\/wp\/v2\/product\/5069","targetHints":{"allow":["GET"]}}],"collection":[{"href":"https:\/\/bereketshop.com.mx\/index.php\/wp-json\/wp\/v2\/product"}],"about":[{"href":"https:\/\/bereketshop.com.mx\/index.php\/wp-json\/wp\/v2\/types\/product"}],"replies":[{"embeddable":true,"href":"https:\/\/bereketshop.com.mx\/index.php\/wp-json\/wp\/v2\/comments?post=5069"}],"wp:featuredmedia":[{"embeddable":true,"href":"https:\/\/bereketshop.com.mx\/index.php\/wp-json\/wp\/v2\/media\/5070"}],"wp:attachment":[{"href":"https:\/\/bereketshop.com.mx\/index.php\/wp-json\/wp\/v2\/media?parent=5069"}],"wp:term":[{"taxonomy":"product_cat","embeddable":true,"href":"https:\/\/bereketshop.com.mx\/index.php\/wp-json\/wp\/v2\/product_cat?post=5069"},{"taxonomy":"product_tag","embeddable":true,"href":"https:\/\/bereketshop.com.mx\/index.php\/wp-json\/wp\/v2\/product_tag?post=5069"}],"curies":[{"name":"wp","href":"https:\/\/api.w.org\/{rel}","templated":true}]}}