{"id":5256,"date":"2024-01-20T01:13:56","date_gmt":"2024-01-20T00:13:56","guid":{"rendered":"https:\/\/bereketshop.com.mx\/?post_type=product&#038;p=5256"},"modified":"2025-04-11T01:15:31","modified_gmt":"2025-04-10T23:15:31","slug":"molino-electrico","status":"publish","type":"product","link":"https:\/\/bereketshop.com.mx\/index.php\/product\/molino-electrico\/","title":{"rendered":"Molino El\u00e9ctrico"},"content":{"rendered":"<h5 class=\"ui-pdp-description__title\">DESCRIPCION:<\/h5>\n<p>&nbsp;<\/p>\n<p class=\"ui-pdp-description__content\">Esta m\u00e1quina trituradora de especias est\u00e1 habilitada para moler ingredientes de hasta 3,5 oz\/100 g a la vez. La capacidad de los ingredientes no debe exceder los 2\/3 de la capacidad del bol del molinillo. Es mejor cubrir la hoja.<\/p>\n<p>&nbsp;<\/p>\n<p>Motor de alta potencia, corte rotativo, estructura precisa, bajo nivel de ruido, puede triturar r\u00e1pidamente todo tipo de alimentos deshidratados, arroz, ma\u00edz, s\u00e9samo, soja, alimento para peces, pimienta, medicina, molienda m\u00e1s uniforme.<\/p>\n<p>&nbsp;<\/p>\n<p><strong>\u00bfPARA QUE ME SIRVE EL PRODUCTO?<\/strong><\/p>\n<p>El molino de caf\u00e9 el\u00e9ctrico es ideal para moler granos de caf\u00e9 y todo tipo de especias, con sus 14.500 revoluciones por minuto que garantiza excelentes resultados.<br \/>\nMini molinillo para especias con operaci\u00f3n de un bot\u00f3n, solo presione para comenzar y suelte para detener, sin vibraci\u00f3n, bajo nivel de ruido, muy f\u00e1cil de usar y seguro. Nota: se recomienda detenerse por un tiempo despu\u00e9s de usar cada 10-15 segundos, para evitar que el motor se sobrecaliente.<\/p>\n<p>La tapa transparente puede prevenir eficazmente las salpicaduras de polvo. A trav\u00e9s de la tapa transparente, puede observar el proceso de molienda y obtener un polvo grueso o fino.<\/p>\n","protected":false},"excerpt":{"rendered":"<p style=\"text-align: center;\"><span data-sheets-root=\"1\" data-sheets-value=\"{&quot;1&quot;:2,&quot;2&quot;:&quot;Molinos el\u00e9ctricos dom\u00e9sticos de granos de caf\u00e9, molinos de alimentos complementarios para beb\u00e9s, que pueden moler pimientos, pimienta y materiales medicinales,Trituradora&quot;}\" data-sheets-userformat=\"{&quot;2&quot;:12737,&quot;3&quot;:{&quot;1&quot;:0,&quot;3&quot;:1},&quot;9&quot;:0,&quot;10&quot;:0,&quot;11&quot;:3,&quot;15&quot;:&quot;Calibri&quot;,&quot;16&quot;:12}\">Molinos El\u00e9ctricos Dom\u00e9sticos De Granos De Caf\u00e9 |\u00a0 Molinos De Alimentos Complementarios Para Beb\u00e9s |\u00a0 Pueden Moler Pimientos | Pimienta\u00a0 Materiales Medicinales |Trituradora.<\/span><\/p>\n","protected":false},"featured_media":5257,"comment_status":"open","ping_status":"closed","template":"","meta":{"_joinchat":[]},"product_cat":[241,59],"product_tag":[],"class_list":{"0":"post-5256","1":"product","2":"type-product","3":"status-publish","4":"has-post-thumbnail","6":"product_cat-241","7":"product_cat-hogar","9":"first","10":"instock","11":"sale","12":"shipping-taxable","13":"purchasable","14":"product-type-simple"},"_links":{"self":[{"href":"https:\/\/bereketshop.com.mx\/index.php\/wp-json\/wp\/v2\/product\/5256","targetHints":{"allow":["GET"]}}],"collection":[{"href":"https:\/\/bereketshop.com.mx\/index.php\/wp-json\/wp\/v2\/product"}],"about":[{"href":"https:\/\/bereketshop.com.mx\/index.php\/wp-json\/wp\/v2\/types\/product"}],"replies":[{"embeddable":true,"href":"https:\/\/bereketshop.com.mx\/index.php\/wp-json\/wp\/v2\/comments?post=5256"}],"wp:featuredmedia":[{"embeddable":true,"href":"https:\/\/bereketshop.com.mx\/index.php\/wp-json\/wp\/v2\/media\/5257"}],"wp:attachment":[{"href":"https:\/\/bereketshop.com.mx\/index.php\/wp-json\/wp\/v2\/media?parent=5256"}],"wp:term":[{"taxonomy":"product_cat","embeddable":true,"href":"https:\/\/bereketshop.com.mx\/index.php\/wp-json\/wp\/v2\/product_cat?post=5256"},{"taxonomy":"product_tag","embeddable":true,"href":"https:\/\/bereketshop.com.mx\/index.php\/wp-json\/wp\/v2\/product_tag?post=5256"}],"curies":[{"name":"wp","href":"https:\/\/api.w.org\/{rel}","templated":true}]}}