{"id":5271,"date":"2024-01-20T17:09:21","date_gmt":"2024-01-20T16:09:21","guid":{"rendered":"https:\/\/bereketshop.com.mx\/?post_type=product&#038;p=5271"},"modified":"2024-09-20T00:19:01","modified_gmt":"2024-09-19T22:19:01","slug":"parrilla-grill-electrica","status":"publish","type":"product","link":"https:\/\/bereketshop.com.mx\/index.php\/product\/parrilla-grill-electrica\/","title":{"rendered":"Parrilla Grill El\u00e9ctrica"},"content":{"rendered":"<h4>CARACTERISTICAS:<\/h4>\n<p><span data-sheets-root=\"1\" data-sheets-value=\"{&quot;1&quot;:2,&quot;2&quot;:&quot;850W y Doble Placa de Calentamiento: R\u00e1pido y uniforme 4 placas de calentamiento, parrilla de s\u00e1ndwich 850W de alta potencia y tecnolog\u00eda de calentamiento uniforme, por lo que puede hacer deliciosa comida r\u00e1pidamente\\n\\nPlacas Antiahderentes Extra\u00cdbles: Recubrimiento antiadherente de las placas que evita que los alimentos se queden pegados a la sandwichera y permite adem\u00e1s un lavado f\u00e1cil y r\u00e1pido\\n\\nIndicadores Luminosos: Piloto luminoso de luz verde y roja de encendido y precalentado lo que te permitir\u00e1 saber f\u00e1cilmente cuando la sandwichera est\u00e1 lista para ser usada\\n\\nTostadora de Panini Multiusos: La sandwichera grill es perfecta para asar filetes, hamburguesas, pollo y verduras, tortillas, tostadas francesas, panini, s\u00e1ndwiches y mucho m\u00e1s, \u00a1para todas las necesidades de asado en casa!\\n\\nSeguridad y Acabados: Sandwichera con acabados en pl\u00e1stico y acero inoxidable, con cierre de seguridad, pies antideslizantes, asa de tacto fr\u00edo y recogecables. Permite el almacenamiento vertical&quot;}\" data-sheets-userformat=\"{&quot;2&quot;:13249,&quot;3&quot;:{&quot;1&quot;:0},&quot;9&quot;:0,&quot;10&quot;:0,&quot;11&quot;:3,&quot;12&quot;:0,&quot;15&quot;:&quot;Calibri&quot;,&quot;16&quot;:12}\"><strong>Parrilla de 850W y Doble Placa de Calentamiento:<\/strong> R\u00e1pido y uniforme 4 placas de calentamiento, parrilla de s\u00e1ndwich 850W de alta potencia y tecnolog\u00eda de calentamiento uniforme, por lo que puede hacer deliciosa comida r\u00e1pidamente.<\/span><\/p>\n<p><b>Placas Antiadherentes\u00a0Extra\u00edbles:<\/b> Recubrimiento antiadherente de las placas que evita que los alimentos se queden pegados a la sandwichera y permite adem\u00e1s un lavado f\u00e1cil y r\u00e1pido.<\/p>\n<p><strong>Indicadores Luminosos<\/strong>: Piloto luminoso de luz verde y roja de encendido y precalentado lo que te permitir\u00e1 saber f\u00e1cilmente cuando la sandwichera est\u00e1 lista para ser usada.<\/p>\n<p><strong>Tostadora de Panini Multiusos:<\/strong> La sandwichera grill es perfecta para asar filetes, hamburguesas, pollo y verduras, tortillas, tostadas francesas, panini, s\u00e1ndwiches y mucho m\u00e1s.<\/p>\n<p><span data-sheets-root=\"1\" data-sheets-value=\"{&quot;1&quot;:2,&quot;2&quot;:&quot;850W y Doble Placa de Calentamiento: R\u00e1pido y uniforme 4 placas de calentamiento, parrilla de s\u00e1ndwich 850W de alta potencia y tecnolog\u00eda de calentamiento uniforme, por lo que puede hacer deliciosa comida r\u00e1pidamente\\n\\nPlacas Antiahderentes Extra\u00cdbles: Recubrimiento antiadherente de las placas que evita que los alimentos se queden pegados a la sandwichera y permite adem\u00e1s un lavado f\u00e1cil y r\u00e1pido\\n\\nIndicadores Luminosos: Piloto luminoso de luz verde y roja de encendido y precalentado lo que te permitir\u00e1 saber f\u00e1cilmente cuando la sandwichera est\u00e1 lista para ser usada\\n\\nTostadora de Panini Multiusos: La sandwichera grill es perfecta para asar filetes, hamburguesas, pollo y verduras, tortillas, tostadas francesas, panini, s\u00e1ndwiches y mucho m\u00e1s, \u00a1para todas las necesidades de asado en casa!\\n\\nSeguridad y Acabados: Sandwichera con acabados en pl\u00e1stico y acero inoxidable, con cierre de seguridad, pies antideslizantes, asa de tacto fr\u00edo y recogecables. Permite el almacenamiento vertical&quot;}\" data-sheets-userformat=\"{&quot;2&quot;:13249,&quot;3&quot;:{&quot;1&quot;:0},&quot;9&quot;:0,&quot;10&quot;:0,&quot;11&quot;:3,&quot;12&quot;:0,&quot;15&quot;:&quot;Calibri&quot;,&quot;16&quot;:12}\">\u00a1para todas las necesidades de asado en casa!<\/span><\/p>\n<p><strong>Seguridad y Acabados:<\/strong> Sandwichera con acabados en pl\u00e1stico y acero inoxidable, con cierre de seguridad, pies antideslizantes, asa de tacto fr\u00edo y recoge cables. Permite el almacenamiento vertical<\/p>\n","protected":false},"excerpt":{"rendered":"<p style=\"text-align: center;\"><span data-sheets-root=\"1\" data-sheets-value=\"{&quot;1&quot;:2,&quot;2&quot;:&quot;PARRILLA GRILL El\u00e9ctrica Revestimiento Antiadherente Herramienta Multifuncional&quot;}\" data-sheets-userformat=\"{&quot;2&quot;:12737,&quot;3&quot;:{&quot;1&quot;:0,&quot;3&quot;:1},&quot;9&quot;:0,&quot;10&quot;:0,&quot;11&quot;:3,&quot;15&quot;:&quot;Calibri&quot;,&quot;16&quot;:12}\">Parrilla Grill El\u00e9ctrica\u00a0 | Revestimiento Antiadherente\u00a0 | Herramienta Multifuncional | Es Perfecta Para Asar Filetes | Hamburguesas |\u00a0 Pollo y verduras | Tortilla |\u00a0 Tostadas Francesas |\u00a0 Panini |\u00a0 S\u00e1ndwiches Y Mucho M\u00e1s.<\/span><\/p>\n","protected":false},"featured_media":5272,"comment_status":"open","ping_status":"closed","template":"","meta":{"_joinchat":[]},"product_cat":[255,59],"product_tag":[],"class_list":{"0":"post-5271","1":"product","2":"type-product","3":"status-publish","4":"has-post-thumbnail","6":"product_cat-255","7":"product_cat-hogar","9":"first","10":"instock","11":"sale","12":"shipping-taxable","13":"purchasable","14":"product-type-simple"},"_links":{"self":[{"href":"https:\/\/bereketshop.com.mx\/index.php\/wp-json\/wp\/v2\/product\/5271","targetHints":{"allow":["GET"]}}],"collection":[{"href":"https:\/\/bereketshop.com.mx\/index.php\/wp-json\/wp\/v2\/product"}],"about":[{"href":"https:\/\/bereketshop.com.mx\/index.php\/wp-json\/wp\/v2\/types\/product"}],"replies":[{"embeddable":true,"href":"https:\/\/bereketshop.com.mx\/index.php\/wp-json\/wp\/v2\/comments?post=5271"}],"wp:featuredmedia":[{"embeddable":true,"href":"https:\/\/bereketshop.com.mx\/index.php\/wp-json\/wp\/v2\/media\/5272"}],"wp:attachment":[{"href":"https:\/\/bereketshop.com.mx\/index.php\/wp-json\/wp\/v2\/media?parent=5271"}],"wp:term":[{"taxonomy":"product_cat","embeddable":true,"href":"https:\/\/bereketshop.com.mx\/index.php\/wp-json\/wp\/v2\/product_cat?post=5271"},{"taxonomy":"product_tag","embeddable":true,"href":"https:\/\/bereketshop.com.mx\/index.php\/wp-json\/wp\/v2\/product_tag?post=5271"}],"curies":[{"name":"wp","href":"https:\/\/api.w.org\/{rel}","templated":true}]}}