{"id":5491,"date":"2024-02-09T17:35:44","date_gmt":"2024-02-09T16:35:44","guid":{"rendered":"https:\/\/bereketshop.com.mx\/?post_type=product&#038;p=5491"},"modified":"2024-09-11T17:05:20","modified_gmt":"2024-09-11T15:05:20","slug":"plumones-doble-punta-marcadores-punta-pincel-48-piezas","status":"publish","type":"product","link":"https:\/\/bereketshop.com.mx\/index.php\/product\/plumones-doble-punta-marcadores-punta-pincel-48-piezas\/","title":{"rendered":"Plumones Doble Punta Marcadores Punta Pincel 48 Piezas"},"content":{"rendered":"<h5>CARACTARISTICAS:<\/h5>\n<p>La bolsa de los marcadores puede venir negro o rosa Los rotuladores ayudan a los ni\u00f1os a enamorarse de la pintura.<\/p>\n<p>Tambi\u00e9n ayuda a los adultos a usar su imaginaci\u00f3n, sue\u00f1os creativos permitiendo lograr transiciones y mezclas de colores suaves.<\/p>\n<p>Mejor Regalo de Colores &#8211; 48 colores del sistema de colores Munell &#8211; bolsa almacenamiento port\u00e1til textil para cada juego para transportar Ideal para reglar para amigos, familiares, ni\u00f1os, pintores, artistas, etc.<\/p>\n<p>Cuenta con &#8211; punta ancha (1 &#8211; 6 mm) a gran escala &#8211; punta delgada (1 mm) se usa para resaltar y resaltar detalles con precisi\u00f3n<\/p>\n<p>Aplicaci\u00f3n Amplia Marcadores Doble Punta Plumones con una gran variedad de colores, son perfectos para realizar diversas actividades de arte, como colorear libro de m\u00e1ndalas, vi\u00f1etas en publicaciones, c\u00f3mics, grafiti, caligraf\u00eda, \u00e1lbum de recortes, escritura a mano, tarjetas de felicitaci\u00f3n, etc.<\/p>\n<p>Gradiente natural, transici\u00f3n suave Este producto utiliza tinta de calidad que es segura y no t\u00f3xica.<\/p>\n<p>Tiene un buen rendimiento a prueba de agua, un color duradero y puede realizar una transici\u00f3n y mezcla f\u00e1cil y natural al cubrir el color.<\/p>\n<p>Seguro y sin Preocupaciones Los marcadores excelentes est\u00e1n hechos de materiales de calidad y pasaron la certificaci\u00f3n internacional. Son adecuados para ni\u00f1os. Seguros y ecol\u00f3gicos, sin decoloraci\u00f3n y \u00e1cido libre, sin riesgos para la salud.<\/p>\n<p>F\u00e1cil de identificar El color de cada tapa y bol\u00edgrafo es el mismo, y cada bol\u00edgrafo tiene sus propias letras o n\u00fameros, por lo que puede ahorrar tiempo para encontrar el bol\u00edgrafo que desea.<\/p>\n<p>Suficientes bol\u00edgrafos siempre pueden satisfacer su imaginaci\u00f3n de colores.<\/p>\n<p>C\u00f3modo de Sostener El cuerpo del bol\u00edgrafo tiene un dise\u00f1o cuadrado que no rueda tan f\u00e1cilmente sobre una superficie plana como un bol\u00edgrafo redondo para evitar ca\u00eddas y da\u00f1os accidentales.<\/p>\n<p>Y el dise\u00f1o del \u00e1ngulo del arco se siente c\u00f3modo y f\u00e1cil de dibujar.<\/p>\n<p>1. Recomendado para ni\u00f1os mayores de 3 a\u00f1os.<\/p>\n<p>2. Cierra la tapa despu\u00e9s de su uso para evitar que la tinta se evapore.<\/p>\n<p><strong>Especificaci\u00f3n:<\/strong><\/p>\n<p>Color: 48 colores. Longitud: aprox. 15.3 cm Punta: 1-6 mm<\/p>\n<p>Paquete incluido:<\/p>\n<p>1x 12 Colores Markers Pens set 1x Bolso de mano<\/p>\n","protected":false},"excerpt":{"rendered":"<p style=\"text-align: center;\">Plumones Doble Punta Marcadores Punta Pincel |\u00a0 48\u00a0 Piezas | Mejor Regalo de Colores |\u00a0 Colores Del Sistema De Colores Munell |\u00a0 Bolsa Almacenamiento Port\u00e1til Textil Para Cada Juego |\u00a0 \u00a0Ideal Para Reglar Para Amigos | Familiares | Ni\u00f1os |\u00a0 Pintores |\u00a0 Artistas, etc.<\/p>\n","protected":false},"featured_media":5492,"comment_status":"closed","ping_status":"closed","template":"","meta":{"_joinchat":[]},"product_cat":[242,99],"product_tag":[],"class_list":{"0":"post-5491","1":"product","2":"type-product","3":"status-publish","4":"has-post-thumbnail","6":"product_cat-242","7":"product_cat-juguetes","9":"first","10":"instock","11":"sale","12":"shipping-taxable","13":"purchasable","14":"product-type-simple"},"_links":{"self":[{"href":"https:\/\/bereketshop.com.mx\/index.php\/wp-json\/wp\/v2\/product\/5491","targetHints":{"allow":["GET"]}}],"collection":[{"href":"https:\/\/bereketshop.com.mx\/index.php\/wp-json\/wp\/v2\/product"}],"about":[{"href":"https:\/\/bereketshop.com.mx\/index.php\/wp-json\/wp\/v2\/types\/product"}],"replies":[{"embeddable":true,"href":"https:\/\/bereketshop.com.mx\/index.php\/wp-json\/wp\/v2\/comments?post=5491"}],"wp:featuredmedia":[{"embeddable":true,"href":"https:\/\/bereketshop.com.mx\/index.php\/wp-json\/wp\/v2\/media\/5492"}],"wp:attachment":[{"href":"https:\/\/bereketshop.com.mx\/index.php\/wp-json\/wp\/v2\/media?parent=5491"}],"wp:term":[{"taxonomy":"product_cat","embeddable":true,"href":"https:\/\/bereketshop.com.mx\/index.php\/wp-json\/wp\/v2\/product_cat?post=5491"},{"taxonomy":"product_tag","embeddable":true,"href":"https:\/\/bereketshop.com.mx\/index.php\/wp-json\/wp\/v2\/product_tag?post=5491"}],"curies":[{"name":"wp","href":"https:\/\/api.w.org\/{rel}","templated":true}]}}