{"id":5728,"date":"2024-02-21T21:51:15","date_gmt":"2024-02-21T20:51:15","guid":{"rendered":"https:\/\/bereketshop.com.mx\/?post_type=product&#038;p=5728"},"modified":"2025-04-09T22:58:51","modified_gmt":"2025-04-09T20:58:51","slug":"raton-de-felpa-juguete-para-gato-divertido-y-entretenido-para-mascota","status":"publish","type":"product","link":"https:\/\/bereketshop.com.mx\/index.php\/product\/raton-de-felpa-juguete-para-gato-divertido-y-entretenido-para-mascota\/","title":{"rendered":"Rat\u00f3n De Felpa Juguete Para Gato Divertido y Entretenido Para Mascota"},"content":{"rendered":"<h5>CARACTERISTICAS:<\/h5>\n<p>Rat\u00f3n de felpa dise\u00f1ado para gatos, Divertido juego para gatos para que puedan divertirse.<\/p>\n<p>Equipado con lindos y animados nariz, orejas y colas, estos roedores animales peludos, ratas te deleitar\u00e1n y divertir\u00e1n. Los mejores juguetes para gatos para divertirse.<\/p>\n<p>Los juguetes de rat\u00f3n de peluche har\u00e1n las delicias de todos: ni\u00f1os, ni\u00f1os, ni\u00f1os, ni\u00f1os, ni\u00f1as, adultos mientras los observan corriendo por un suelo o una superficie plana. Aporta alegr\u00eda y alegr\u00eda y una sonrisa a todos, cada vez que se mueve. Este rat\u00f3n peludo de peluche es un juguete imprescindible.<\/p>\n<p>Color: como se muestra.<\/p>\n<p>Material: pl\u00e1stico y flocado.<\/p>\n<p>Tama\u00f1o: aprox. 13. 5 x 6. 5 x 6 cm.<\/p>\n<p>&#8211; Equipado con linda nariz animada, orejas y colas, estos roedores de animales peludos, ratas te deleitar\u00e1n y divertir\u00e1n.<\/p>\n<p>&#8211; Los juguetes de rat\u00f3n de peluche har\u00e1n las delicias de todos: ni\u00f1os, ni\u00f1os, ni\u00f1os, ni\u00f1as, adultos mientras los ven correr por un suelo o una superficie plana.<\/p>\n<p>&#8211; Trae alegr\u00eda y alegr\u00eda y una sonrisa a todos, cada vez que se mueva. Este rat\u00f3n de peluche peludo es un juguete imprescindible.<\/p>\n<p>ADVERTENCIA: Los juguetes son \u00fanicamente para mascotas. Mant\u00e9ngalos alejados del alcance de los ni\u00f1os. Color: GRIS Mascota aplicable: Gato Material: felpa<\/p>\n","protected":false},"excerpt":{"rendered":"<p style=\"text-align: center;\"><span data-sheets-root=\"1\" data-sheets-value=\"{&quot;1&quot;:2,&quot;2&quot;:&quot;Rat\u00f3n de felpa dise\u00f1ado para gatos Juguete interactivo para gatos para Juego&quot;}\" data-sheets-userformat=\"{&quot;2&quot;:12737,&quot;3&quot;:{&quot;1&quot;:0,&quot;3&quot;:1},&quot;9&quot;:0,&quot;10&quot;:0,&quot;11&quot;:3,&quot;15&quot;:&quot;Calibri&quot;,&quot;16&quot;:12}\">Rat\u00f3n De Felpa | Dise\u00f1ado Para Gatos | Juguete Interactivo Para Gatos.<\/span><\/p>\n","protected":false},"featured_media":5729,"comment_status":"open","ping_status":"closed","template":"","meta":{"_joinchat":[]},"product_cat":[250,100],"product_tag":[],"class_list":{"0":"post-5728","1":"product","2":"type-product","3":"status-publish","4":"has-post-thumbnail","6":"product_cat-250","7":"product_cat-mascotas","9":"first","10":"outofstock","11":"sale","12":"shipping-taxable","13":"purchasable","14":"product-type-variable"},"_links":{"self":[{"href":"https:\/\/bereketshop.com.mx\/index.php\/wp-json\/wp\/v2\/product\/5728","targetHints":{"allow":["GET"]}}],"collection":[{"href":"https:\/\/bereketshop.com.mx\/index.php\/wp-json\/wp\/v2\/product"}],"about":[{"href":"https:\/\/bereketshop.com.mx\/index.php\/wp-json\/wp\/v2\/types\/product"}],"replies":[{"embeddable":true,"href":"https:\/\/bereketshop.com.mx\/index.php\/wp-json\/wp\/v2\/comments?post=5728"}],"wp:featuredmedia":[{"embeddable":true,"href":"https:\/\/bereketshop.com.mx\/index.php\/wp-json\/wp\/v2\/media\/5729"}],"wp:attachment":[{"href":"https:\/\/bereketshop.com.mx\/index.php\/wp-json\/wp\/v2\/media?parent=5728"}],"wp:term":[{"taxonomy":"product_cat","embeddable":true,"href":"https:\/\/bereketshop.com.mx\/index.php\/wp-json\/wp\/v2\/product_cat?post=5728"},{"taxonomy":"product_tag","embeddable":true,"href":"https:\/\/bereketshop.com.mx\/index.php\/wp-json\/wp\/v2\/product_tag?post=5728"}],"curies":[{"name":"wp","href":"https:\/\/api.w.org\/{rel}","templated":true}]}}