{"id":5781,"date":"2024-02-21T23:11:57","date_gmt":"2024-02-21T22:11:57","guid":{"rendered":"https:\/\/bereketshop.com.mx\/?post_type=product&#038;p=5781"},"modified":"2024-09-17T00:01:50","modified_gmt":"2024-09-16T22:01:50","slug":"cepillo-para-mascota-de-silicona-de-dedo-360-2-piezas-2","status":"publish","type":"product","link":"https:\/\/bereketshop.com.mx\/index.php\/product\/cepillo-para-mascota-de-silicona-de-dedo-360-2-piezas-2\/","title":{"rendered":"Cepillo Para Mascota De Silicona De Dedo 360\u00b0 2 Piezas"},"content":{"rendered":"<h5>CARACTERISTICAS:<\/h5>\n<p>Suave: Su forma el\u00e1stica, cuida las enc\u00edas de la mascota y no causa da\u00f1o a la cavidad oral de la mascota.<\/p>\n<p>Cepillo de dientes completo: La cuna completa est\u00e1 cubierta de cerdas, no ser\u00e1 dif\u00edcil de operar, ahorrando tiempo.<\/p>\n<p>Uso: El producto es lo suficientemente suave, cerca de los dedos, se puede doblar a voluntad, no se cae f\u00e1cilmente.<\/p>\n<p>Uso flexible: Limpieza f\u00e1cil en todos los diente y lengua, silicona suave, pr\u00e1ctico.<\/p>\n<p>Salud oral: En mascotas que no han desarrollado el h\u00e1bito de cepillarse los dientes, varios problemas orales ocurrir\u00e1n a unos tres a\u00f1os de edad. No se puede ignorar la salud oral de las mascotas.<\/p>\n","protected":false},"excerpt":{"rendered":"<p style=\"text-align: center;\">Cepillo De Dientes De Silicona Para Perros 360\u00ba| Cerdas Suaves| Limpiador De Lengua| Cepillo De Dientes De Gato| Kit De Cepillado De Dientes De Perro| Cuidado Dental Para Perros | Para Uso Con Pasta De Dientes Para Perros |2 Paquetes.<\/p>\n","protected":false},"featured_media":5768,"comment_status":"open","ping_status":"closed","template":"","meta":{"_joinchat":[]},"product_cat":[252,100],"product_tag":[],"class_list":{"0":"post-5781","1":"product","2":"type-product","3":"status-publish","4":"has-post-thumbnail","6":"product_cat-252","7":"product_cat-mascotas","9":"first","10":"instock","11":"sale","12":"shipping-taxable","13":"purchasable","14":"product-type-variable"},"_links":{"self":[{"href":"https:\/\/bereketshop.com.mx\/index.php\/wp-json\/wp\/v2\/product\/5781","targetHints":{"allow":["GET"]}}],"collection":[{"href":"https:\/\/bereketshop.com.mx\/index.php\/wp-json\/wp\/v2\/product"}],"about":[{"href":"https:\/\/bereketshop.com.mx\/index.php\/wp-json\/wp\/v2\/types\/product"}],"replies":[{"embeddable":true,"href":"https:\/\/bereketshop.com.mx\/index.php\/wp-json\/wp\/v2\/comments?post=5781"}],"wp:featuredmedia":[{"embeddable":true,"href":"https:\/\/bereketshop.com.mx\/index.php\/wp-json\/wp\/v2\/media\/5768"}],"wp:attachment":[{"href":"https:\/\/bereketshop.com.mx\/index.php\/wp-json\/wp\/v2\/media?parent=5781"}],"wp:term":[{"taxonomy":"product_cat","embeddable":true,"href":"https:\/\/bereketshop.com.mx\/index.php\/wp-json\/wp\/v2\/product_cat?post=5781"},{"taxonomy":"product_tag","embeddable":true,"href":"https:\/\/bereketshop.com.mx\/index.php\/wp-json\/wp\/v2\/product_tag?post=5781"}],"curies":[{"name":"wp","href":"https:\/\/api.w.org\/{rel}","templated":true}]}}