{"id":6780,"date":"2024-08-12T23:38:10","date_gmt":"2024-08-12T21:38:10","guid":{"rendered":"https:\/\/bereketshop.com.mx\/?post_type=product&#038;p=6780"},"modified":"2025-10-02T01:15:54","modified_gmt":"2025-10-01T23:15:54","slug":"vaso-de-acero-inoxidable-con-con-popote-280-ml","status":"publish","type":"product","link":"https:\/\/bereketshop.com.mx\/index.php\/product\/vaso-de-acero-inoxidable-con-con-popote-280-ml\/","title":{"rendered":"Vaso De Acero Inoxidable Con Popote 280 ML"},"content":{"rendered":"<h4><span data-sheets-root=\"1\">Caracter\u00edsticas.<\/span><\/h4>\n<p><span data-sheets-root=\"1\"><br \/>\n\u2022 Tecnolog\u00eda de aislamiento al vac\u00edo: este vaso de viaje tiene tecnolog\u00eda de aislamiento al vac\u00edo de doble pared, mantiene las bebidas calientes durante m\u00e1s de 6 horas y fr\u00edas durante m\u00e1s de 12 horas! A prueba de sudor, sin condensaci\u00f3n.<br \/>\n\u2022 Acero inoxidable 18\/8 de alta calidad: el vaso de caf\u00e9 aislado es de acero inoxidable 304 de grado alimenticio en el interior, nunca se oxida, sin plomo, f\u00e1cil de lavar e irrompible.<br \/>\n\u2022 Tapa a presi\u00f3n sin BPA: la tapa ecol\u00f3gica es completamente libre de BPA; sellos de junta de s\u00edlice para lograr la m\u00e1xima capacidad a prueba de derrames. Agujero de boca ancha en la parte superior, apto para pajitas, con cubierta deslizante a prueba de salpicaduras.<br \/>\n\u2022 Peso ligero y ajuste de portavasos: peso ligero y se adapta a la mayor\u00eda de portavasos. Delgado y f\u00e1cil de llevar. Regalo perfecto para ti, tu familia y amigos.<br \/>\n&#8211; &#8211; &#8211; &#8211; &#8211; &#8211; &#8211; &#8211; &#8211; &#8211; &#8211; &#8211; &#8211; &#8211; &#8211; &#8211; &#8211; &#8211; &#8211; &#8211; &#8211; &#8211; &#8211; &#8211; &#8211; &#8211;<br \/>\nEspecificaciones:<br \/>\nTecnolog\u00eda de Aislamiento Avanzada: Maestro de la Temperatura Mant\u00e9n el fr\u00edo congelante y el calor abrasador durante horas. Nuestro termo es un mago del aislamiento t\u00e9rmico, garantizando que tus bebidas se mantengan en su punto \u00f3ptimo sin importar las condiciones externas.<br \/>\n&#8211; &#8211; &#8211; &#8211; &#8211; &#8211; &#8211; &#8211; &#8211; &#8211; &#8211; &#8211; &#8211; &#8211; &#8211; &#8211; &#8211; &#8211; &#8211; &#8211; &#8211; &#8211; &#8211; &#8211; &#8211;<br \/>\nCuidados:<br \/>\nLavar con agua y jab\u00f3n<br \/>\n&#8211; &#8211; &#8211; &#8211; &#8211; &#8211; &#8211; &#8211; &#8211; &#8211; &#8211; &#8211; &#8211; &#8211; &#8211; &#8211; &#8211; &#8211; &#8211; &#8211; &#8211; &#8211; &#8211; &#8211; &#8211;<br \/>\nLo Que Incluye Mi Compra:<br \/>\n1 Vaso t\u00e9rmico con popote de metal<\/span><\/p>\n<p>&nbsp;<\/p>\n","protected":false},"excerpt":{"rendered":"<p style=\"text-align: center;\">Vaso de acero inoxidable |\u00a0 con Con Popote | 280 ML.<\/p>\n","protected":false},"featured_media":6787,"comment_status":"open","ping_status":"closed","template":"","meta":{"_joinchat":[]},"product_cat":[253,59],"product_tag":[],"class_list":{"0":"post-6780","1":"product","2":"type-product","3":"status-publish","4":"has-post-thumbnail","6":"product_cat-253","7":"product_cat-hogar","9":"first","10":"instock","11":"sale","12":"shipping-taxable","13":"purchasable","14":"product-type-variable"},"_links":{"self":[{"href":"https:\/\/bereketshop.com.mx\/index.php\/wp-json\/wp\/v2\/product\/6780","targetHints":{"allow":["GET"]}}],"collection":[{"href":"https:\/\/bereketshop.com.mx\/index.php\/wp-json\/wp\/v2\/product"}],"about":[{"href":"https:\/\/bereketshop.com.mx\/index.php\/wp-json\/wp\/v2\/types\/product"}],"replies":[{"embeddable":true,"href":"https:\/\/bereketshop.com.mx\/index.php\/wp-json\/wp\/v2\/comments?post=6780"}],"wp:featuredmedia":[{"embeddable":true,"href":"https:\/\/bereketshop.com.mx\/index.php\/wp-json\/wp\/v2\/media\/6787"}],"wp:attachment":[{"href":"https:\/\/bereketshop.com.mx\/index.php\/wp-json\/wp\/v2\/media?parent=6780"}],"wp:term":[{"taxonomy":"product_cat","embeddable":true,"href":"https:\/\/bereketshop.com.mx\/index.php\/wp-json\/wp\/v2\/product_cat?post=6780"},{"taxonomy":"product_tag","embeddable":true,"href":"https:\/\/bereketshop.com.mx\/index.php\/wp-json\/wp\/v2\/product_tag?post=6780"}],"curies":[{"name":"wp","href":"https:\/\/api.w.org\/{rel}","templated":true}]}}