{"id":6883,"date":"2024-08-14T02:09:25","date_gmt":"2024-08-14T00:09:25","guid":{"rendered":"https:\/\/bereketshop.com.mx\/?post_type=product&#038;p=6883"},"modified":"2024-10-24T22:56:06","modified_gmt":"2024-10-24T20:56:06","slug":"molde-para-hacer-hielo-con-tapa-3-unidades","status":"publish","type":"product","link":"https:\/\/bereketshop.com.mx\/index.php\/product\/molde-para-hacer-hielo-con-tapa-3-unidades\/","title":{"rendered":"Molde Para Hacer Hielo Con Tapa 3 Unidades"},"content":{"rendered":"<h3><span data-sheets-root=\"1\">Caracter\u00edsticas:<\/span><\/h3>\n<p><span data-sheets-root=\"1\"><br \/>\n\u2022 BANDEJA APILABLE: Cubiteras para Hielo con Tapa, puedes trasladar las cubiteras f\u00e1cil y r\u00e1pido sin derramar una sola gota de agua, Puede apilarlos juntos y ponerlos en el refrigerador<\/span><\/p>\n<p><span data-sheets-root=\"1\"><br \/>\n\u2022 EXTRACCI\u00d3N F\u00c1CIL: Con nuestro material flexible de silicona y los compartimentos individuales, son muy f\u00e1cil de extraer los cubitos de hielo.<\/span><\/p>\n<p><span data-sheets-root=\"1\"><br \/>\n\u2022 MATERIAL SEGURO PARA ALIMENTOS: Libre de bisfenol A, no afecta los sabores y sigue las normas de la FDA. Tambi\u00e9n puedes poner frutas, gelatina, comida para beb\u00e9s, caf\u00e9, pur\u00e9 de verduras, yogur y chocolate en moldes para hacer los cubitos de hielo que desees.<\/span><\/p>\n<p>Especificaciones:<\/p>\n<p>Color Azul \/ violeta \/ verde<br \/>\nDimensiones del producto \u200e19,05 x 11,94 x 2,54 cm<br \/>\nMaterial \u200eMaterial Silicona, Pl\u00e1stico<br \/>\nPeso del producto \u200e360 g<\/p>\n<p>Cuidados:<br \/>\nF\u00e1cil de Limpiar: Cubiteras para Hielo con Tapa pueden lavar en el lavavajillas, lo cual es muy conveniente. Tambi\u00e9n puedes enjuagar la cubitera para hielo con agua manualmente, Y tiene un dise\u00f1o con agujeros para facilitar la suspensi\u00f3n y el secado.<\/p>\n<p>Lo Que Incluye Mi Compra:<br \/>\n3 MOLDES PARA HACER CUBOS DE HIELO DE SILICONA<\/p>\n<p>&nbsp;<\/p>\n","protected":false},"excerpt":{"rendered":"<p style=\"text-align: center;\"><span data-sheets-root=\"1\">Licorera Jarra De Aero Inoxidable|\u00a0 Vino | Whisky | Frascos Para Beber | Elegante|\u00a0 8 oz.<\/span><\/p>\n","protected":false},"featured_media":6884,"comment_status":"open","ping_status":"closed","template":"","meta":{"_joinchat":[]},"product_cat":[244,59],"product_tag":[],"class_list":{"0":"post-6883","1":"product","2":"type-product","3":"status-publish","4":"has-post-thumbnail","6":"product_cat-244","7":"product_cat-hogar","9":"first","10":"instock","11":"sale","12":"shipping-taxable","13":"purchasable","14":"product-type-simple"},"_links":{"self":[{"href":"https:\/\/bereketshop.com.mx\/index.php\/wp-json\/wp\/v2\/product\/6883","targetHints":{"allow":["GET"]}}],"collection":[{"href":"https:\/\/bereketshop.com.mx\/index.php\/wp-json\/wp\/v2\/product"}],"about":[{"href":"https:\/\/bereketshop.com.mx\/index.php\/wp-json\/wp\/v2\/types\/product"}],"replies":[{"embeddable":true,"href":"https:\/\/bereketshop.com.mx\/index.php\/wp-json\/wp\/v2\/comments?post=6883"}],"wp:featuredmedia":[{"embeddable":true,"href":"https:\/\/bereketshop.com.mx\/index.php\/wp-json\/wp\/v2\/media\/6884"}],"wp:attachment":[{"href":"https:\/\/bereketshop.com.mx\/index.php\/wp-json\/wp\/v2\/media?parent=6883"}],"wp:term":[{"taxonomy":"product_cat","embeddable":true,"href":"https:\/\/bereketshop.com.mx\/index.php\/wp-json\/wp\/v2\/product_cat?post=6883"},{"taxonomy":"product_tag","embeddable":true,"href":"https:\/\/bereketshop.com.mx\/index.php\/wp-json\/wp\/v2\/product_tag?post=6883"}],"curies":[{"name":"wp","href":"https:\/\/api.w.org\/{rel}","templated":true}]}}