{"id":6912,"date":"2024-08-14T03:12:46","date_gmt":"2024-08-14T01:12:46","guid":{"rendered":"https:\/\/bereketshop.com.mx\/?post_type=product&#038;p=6912"},"modified":"2024-09-17T02:18:48","modified_gmt":"2024-09-17T00:18:48","slug":"ventilador-de-escritorio-usb-mini-ventilador-portatil-3-velocidades-pinza","status":"publish","type":"product","link":"https:\/\/bereketshop.com.mx\/index.php\/product\/ventilador-de-escritorio-usb-mini-ventilador-portatil-3-velocidades-pinza\/","title":{"rendered":"Ventilador de Escritorio USB Mini Ventilador Port\u00e1til 3 Velocidades Pinza"},"content":{"rendered":"<h4><span data-sheets-root=\"1\">Caracter\u00edsticas:<\/span><\/h4>\n<p><span data-sheets-root=\"1\"><br \/>\nEl ventilador de escritorio de dise\u00f1o dos en uno puede ponerse de pie y fijarse en una mesa y puede girar 360 grados vertical y horizontalmente. Disfruta de aire fresco desde cualquier direcci\u00f3n<br \/>\nEl ventilador con clip tiene tres modos: bajo, medio y alto. Pulse el bot\u00f3n de encendido para ajustar. Equipado con nuevas aspas y construcci\u00f3n trasera, el viento es m\u00e1s silencioso que nunca. Garantiza que pueda trabajar sin molestias y disfrutar de su sue\u00f1o. Dele exactamente la cantidad de aire que necesita<br \/>\nEl ventilador es peque\u00f1o, ligero y f\u00e1cil de transportar. Cabe en cualquier rinc\u00f3n de la habitaci\u00f3n sin ocupar demasiado espacio. Tambi\u00e9n puede proteger los deditos curiosos del movimiento de las aspas del ventilador en espacios reducidos<br \/>\nSe fija f\u00e1cilmente a muchas superficies, incluso puede invertirse y seguir ajust\u00e1ndose para apuntar en todas direcciones. Ideal para cochecitos, cunas, el hogar y la oficina, bibliotecas, ordenadores port\u00e1tiles, gimnasios, asientos traseros de autom\u00f3viles, al aire libre, camping, viajes<br \/>\n&#8211; &#8211; &#8211; &#8211; &#8211; &#8211; &#8211; &#8211; &#8211; &#8211; &#8211; &#8211; &#8211; &#8211; &#8211; &#8211; &#8211; &#8211; &#8211; &#8211; &#8211; &#8211; &#8211; &#8211; &#8211; &#8211;<br \/>\nEspecificaciones:<\/span><\/p>\n<p>USB alimentado a trav\u00e9s de ordenador, port\u00e1til, energ\u00eda m\u00f3vil, cargador USB, adaptador de tel\u00e9fono m\u00f3vil, cargador de coche, etc.<br \/>\n&#8211; &#8211; &#8211; &#8211; &#8211; &#8211; &#8211; &#8211; &#8211; &#8211; &#8211; &#8211; &#8211; &#8211; &#8211; &#8211; &#8211; &#8211; &#8211; &#8211; &#8211; &#8211; &#8211; &#8211; &#8211;<br \/>\nCuidados:<br \/>\nLimpiar con un trapo h\u00famedo y secar con trapo limpio<br \/>\n&#8211; &#8211; &#8211; &#8211; &#8211; &#8211; &#8211; &#8211; &#8211; &#8211; &#8211; &#8211; &#8211; &#8211; &#8211; &#8211; &#8211; &#8211; &#8211; &#8211; &#8211; &#8211; &#8211; &#8211; &#8211;<br \/>\nLo Que Incluye Mi Compra:<br \/>\n1 mini ventilador de pinza<br \/>\n1 cable USB<\/p>\n<p>&nbsp;<\/p>\n","protected":false},"excerpt":{"rendered":"<p style=\"text-align: center;\"><span data-sheets-root=\"1\">Ventilador de Escritorio |USB Mini Ventilador | Port\u00e1til | 3 Velocidades | De Pinza| Para Pared | Escritorio | Ventanas | Espacios<\/span><\/p>\n","protected":false},"featured_media":6917,"comment_status":"open","ping_status":"closed","template":"","meta":{"_joinchat":[]},"product_cat":[242,59],"product_tag":[],"class_list":{"0":"post-6912","1":"product","2":"type-product","3":"status-publish","4":"has-post-thumbnail","6":"product_cat-242","7":"product_cat-hogar","9":"first","10":"instock","11":"sale","12":"shipping-taxable","13":"purchasable","14":"product-type-variable"},"_links":{"self":[{"href":"https:\/\/bereketshop.com.mx\/index.php\/wp-json\/wp\/v2\/product\/6912","targetHints":{"allow":["GET"]}}],"collection":[{"href":"https:\/\/bereketshop.com.mx\/index.php\/wp-json\/wp\/v2\/product"}],"about":[{"href":"https:\/\/bereketshop.com.mx\/index.php\/wp-json\/wp\/v2\/types\/product"}],"replies":[{"embeddable":true,"href":"https:\/\/bereketshop.com.mx\/index.php\/wp-json\/wp\/v2\/comments?post=6912"}],"wp:featuredmedia":[{"embeddable":true,"href":"https:\/\/bereketshop.com.mx\/index.php\/wp-json\/wp\/v2\/media\/6917"}],"wp:attachment":[{"href":"https:\/\/bereketshop.com.mx\/index.php\/wp-json\/wp\/v2\/media?parent=6912"}],"wp:term":[{"taxonomy":"product_cat","embeddable":true,"href":"https:\/\/bereketshop.com.mx\/index.php\/wp-json\/wp\/v2\/product_cat?post=6912"},{"taxonomy":"product_tag","embeddable":true,"href":"https:\/\/bereketshop.com.mx\/index.php\/wp-json\/wp\/v2\/product_tag?post=6912"}],"curies":[{"name":"wp","href":"https:\/\/api.w.org\/{rel}","templated":true}]}}