{"id":7271,"date":"2024-08-15T20:11:30","date_gmt":"2024-08-15T18:11:30","guid":{"rendered":"https:\/\/bereketshop.com.mx\/?post_type=product&#038;p=7271"},"modified":"2025-02-22T01:36:38","modified_gmt":"2025-02-22T00:36:38","slug":"juego-pintura-de-208-piezas-lapices-de-colores-kits-de-arte","status":"publish","type":"product","link":"https:\/\/bereketshop.com.mx\/index.php\/product\/juego-pintura-de-208-piezas-lapices-de-colores-kits-de-arte\/","title":{"rendered":"Juego Pintura De 208 Piezas L\u00e1pices de Colores Kits de Arte"},"content":{"rendered":"<h5><span data-sheets-root=\"1\">Caracter\u00edsticas:<\/span><\/h5>\n<p><span data-sheets-root=\"1\"><br \/>\nNuestros juegos de pintura est\u00e1n hechos de materiales ecol\u00f3gicos. Cada cray\u00f3n, l\u00e1piz y cray\u00f3n en esta caja de arte no es t\u00f3xico. No da\u00f1a a ni\u00f1os y adultos, no dude en usarlo para su pintura art\u00edstica.<\/span><\/p>\n<p><span data-sheets-root=\"1\"><br \/>\nEste juego de arte genial y genial incluye una variedad de materiales para colorear y pintar para artistas de todas las edades. Esto podr\u00eda ser especial para cualquier ni\u00f1o al que le guste dibujar o quiera inspirarse y divertirse dibujando. M\u00faltiples herramientas para todas sus necesidades de dibujo. Pinturas de colores brillantes que inspiran el pensamiento creativo de los ni\u00f1os en la escritura, el dibujo y el arte.<\/span><\/p>\n<p><span data-sheets-root=\"1\"><br \/>\nEl dise\u00f1o exterior de la caja es un dise\u00f1o de dibujos animados rosa con elementos de moda. \u00a1Seguro que captar\u00e1 la atenci\u00f3n de los ni\u00f1os de inmediato! Ideal para dibujar, pintar, colorear y hacer garabatos, hacer obras de arte o decorar carteles. Es un gran regalo art\u00edstico para ni\u00f1os, ni\u00f1as, hijos, nietos y sobrinos.<\/span><\/p>\n<p>Especificaciones:<br \/>\nLas herramientas de dibujo se pueden apilar para organizar f\u00e1cilmente sus suministros, sin embargo, nuestro juego de arte de triple caballete de doble cara de 208 piezas viene con un caballete emergente de doble cara incorporado para que su hijo pueda abrir el estuche para l\u00e1pices \u00a1Colorea y crea! Estuche de transporte port\u00e1til para mantener sus componentes organizados.<\/p>\n<p>Cuidados:<br \/>\nMantener el \u00e1rea limpia de polvo , al usar las acuarelas se recomienda secar el \u00e1rea libre de agua<\/p>\n<p>Lo Que Incluye Mi Compra:<br \/>\nEste conjunto de arte y pintura incluye todo lo que un peque\u00f1o artista pueda desear, como 48 pasteles al \u00f3leo, 36 rotuladores de acuarela, 24 l\u00e1pices de colores, 24 crayones, 18 polvos de pigmento s\u00f3lido, 4 clips, 1 regla, 1 l\u00e1piz, 1 pincel, 1 goma de borrar, 1 sacapuntas, 1 paleta de pintura, 1 pegamento blanco, 1 esponja, 10 hojas de papel de dibujo, 35 clips de papel, y 1 caballete incorporado.<\/p>\n<p>&nbsp;<\/p>\n","protected":false},"excerpt":{"rendered":"<p style=\"text-align: center;\"><span data-sheets-root=\"1\">Kit de Colores Set De Arte | Malet\u00edn 208 pz | Port\u00e1til | Acr\u00edlico | Juego De Pintura | Acuarela Pinceles | Plumones| Incluye Caballete |<\/span><\/p>\n","protected":false},"featured_media":7726,"comment_status":"open","ping_status":"closed","template":"","meta":{"_joinchat":[]},"product_cat":[255,182],"product_tag":[],"class_list":{"0":"post-7271","1":"product","2":"type-product","3":"status-publish","4":"has-post-thumbnail","6":"product_cat-255","7":"product_cat-escolar","9":"first","10":"instock","11":"sale","12":"shipping-taxable","13":"purchasable","14":"product-type-variable"},"_links":{"self":[{"href":"https:\/\/bereketshop.com.mx\/index.php\/wp-json\/wp\/v2\/product\/7271","targetHints":{"allow":["GET"]}}],"collection":[{"href":"https:\/\/bereketshop.com.mx\/index.php\/wp-json\/wp\/v2\/product"}],"about":[{"href":"https:\/\/bereketshop.com.mx\/index.php\/wp-json\/wp\/v2\/types\/product"}],"replies":[{"embeddable":true,"href":"https:\/\/bereketshop.com.mx\/index.php\/wp-json\/wp\/v2\/comments?post=7271"}],"wp:featuredmedia":[{"embeddable":true,"href":"https:\/\/bereketshop.com.mx\/index.php\/wp-json\/wp\/v2\/media\/7726"}],"wp:attachment":[{"href":"https:\/\/bereketshop.com.mx\/index.php\/wp-json\/wp\/v2\/media?parent=7271"}],"wp:term":[{"taxonomy":"product_cat","embeddable":true,"href":"https:\/\/bereketshop.com.mx\/index.php\/wp-json\/wp\/v2\/product_cat?post=7271"},{"taxonomy":"product_tag","embeddable":true,"href":"https:\/\/bereketshop.com.mx\/index.php\/wp-json\/wp\/v2\/product_tag?post=7271"}],"curies":[{"name":"wp","href":"https:\/\/api.w.org\/{rel}","templated":true}]}}