{"id":7769,"date":"2025-01-05T07:47:56","date_gmt":"2025-01-05T06:47:56","guid":{"rendered":"https:\/\/bereketshop.com.mx\/?post_type=product&#038;p=7769"},"modified":"2025-01-05T07:53:36","modified_gmt":"2025-01-05T06:53:36","slug":"juego-de-mesa-torre-estable-de-equilibrio-bloques-interactivos-de-apilar","status":"publish","type":"product","link":"https:\/\/bereketshop.com.mx\/index.php\/product\/juego-de-mesa-torre-estable-de-equilibrio-bloques-interactivos-de-apilar\/","title":{"rendered":"Juego De Mesa Torre Estable de Equilibrio Bloques Interactivos De Apilar"},"content":{"rendered":"<h4>Caracter\u00edsticas:<\/h4>\n<p>Este conjunto de juguetes coloridos con ojos saltones es ideal para estimular la imaginaci\u00f3n y la creatividad de los m\u00e1s peque\u00f1os.<br \/>\nCada pieza est\u00e1 dise\u00f1ada con colores vibrantes y formas divertidas, lo que los convierte en una opci\u00f3n atractiva para el juego y el aprendizaje.<br \/>\nFabricados con materiales seguros y duraderos, estos juguetes son perfectos para el desarrollo sensorial y motor de los ni\u00f1os.<br \/>\n&#8211; &#8211; &#8211; &#8211; &#8211; &#8211; &#8211; &#8211; &#8211; &#8211; &#8211; &#8211; &#8211; &#8211; &#8211; &#8211; &#8211; &#8211; &#8211; &#8211; &#8211; &#8211; &#8211; &#8211; &#8211; &#8211;<br \/>\nEspecificaciones:<\/p>\n<p>No dejes que se caiga: los jugadores mueven sus ladrillos hacia arriba y las clavijas de sus oponentes hacia abajo mientras eliminan y apilan bloques. Pero si la torre cae al subir o apilar, pierden monedas y el juego termina<br \/>\n&#8211; &#8211; &#8211; &#8211; &#8211; &#8211; &#8211; &#8211; &#8211; &#8211; &#8211; &#8211; &#8211; &#8211; &#8211; &#8211; &#8211; &#8211; &#8211; &#8211; &#8211; &#8211; &#8211; &#8211; &#8211; &#8211;<br \/>\nCuidados:<\/p>\n<p>Limpiar con agua y jab\u00f3n y guardar en su propia caja para no perder los bloques<br \/>\n&#8211; &#8211; &#8211; &#8211; &#8211; &#8211; &#8211; &#8211; &#8211; &#8211; &#8211; &#8211; &#8211; &#8211; &#8211; &#8211; &#8211; &#8211; &#8211; &#8211; &#8211; &#8211; &#8211; &#8211; &#8211;<br \/>\nLo Que Incluye Mi Compra:<br \/>\n1 juego de mesa de Torres apilables<\/p>\n<p>&nbsp;<\/p>\n","protected":false},"excerpt":{"rendered":"<p style=\"text-align: center;\"><span data-sheets-root=\"1\">Juego De Mesa Torre Estable de Equilibrio Bloques Interactivos De Apilar| Jenga | Cada pieza est\u00e1 dise\u00f1ada con colores vibrantes y formas divertidas |\u00a0 Es una opci\u00f3n atractiva para el juego y el aprendizaje.<\/span><\/p>\n","protected":false},"featured_media":7770,"comment_status":"open","ping_status":"closed","template":"","meta":{"_joinchat":[]},"product_cat":[255,99],"product_tag":[],"class_list":{"0":"post-7769","1":"product","2":"type-product","3":"status-publish","4":"has-post-thumbnail","6":"product_cat-255","7":"product_cat-juguetes","9":"first","10":"instock","11":"sale","12":"shipping-taxable","13":"purchasable","14":"product-type-simple"},"_links":{"self":[{"href":"https:\/\/bereketshop.com.mx\/index.php\/wp-json\/wp\/v2\/product\/7769","targetHints":{"allow":["GET"]}}],"collection":[{"href":"https:\/\/bereketshop.com.mx\/index.php\/wp-json\/wp\/v2\/product"}],"about":[{"href":"https:\/\/bereketshop.com.mx\/index.php\/wp-json\/wp\/v2\/types\/product"}],"replies":[{"embeddable":true,"href":"https:\/\/bereketshop.com.mx\/index.php\/wp-json\/wp\/v2\/comments?post=7769"}],"wp:featuredmedia":[{"embeddable":true,"href":"https:\/\/bereketshop.com.mx\/index.php\/wp-json\/wp\/v2\/media\/7770"}],"wp:attachment":[{"href":"https:\/\/bereketshop.com.mx\/index.php\/wp-json\/wp\/v2\/media?parent=7769"}],"wp:term":[{"taxonomy":"product_cat","embeddable":true,"href":"https:\/\/bereketshop.com.mx\/index.php\/wp-json\/wp\/v2\/product_cat?post=7769"},{"taxonomy":"product_tag","embeddable":true,"href":"https:\/\/bereketshop.com.mx\/index.php\/wp-json\/wp\/v2\/product_tag?post=7769"}],"curies":[{"name":"wp","href":"https:\/\/api.w.org\/{rel}","templated":true}]}}